{"id":12095,"date":"2022-10-17T21:29:13","date_gmt":"2022-10-17T18:29:13","guid":{"rendered":"https:\/\/sabitmobilya.com\/sabit\/?page_id=12095"},"modified":"2025-11-20T18:11:13","modified_gmt":"2025-11-20T15:11:13","slug":"hakkimizda","status":"publish","type":"page","link":"https:\/\/sabitmobilya.com\/index.php\/hakkimizda\/","title":{"rendered":"Hakk\u0131m\u0131zda"},"content":{"rendered":"<section class=\"wpb-content-wrapper\"><p>[vc_row][vc_column][vc_column_text]<p>[\/vc_column_text][\/vc_column][\/vc_row][vc_row][vc_column]\t\t<div class=\"ts-single-image ts-effect-image eff-widespread-corner-left-right\">\n\t\t\t<a title=\"\" target=\"_self\" class=\"image-link\" href=\"\" >\n\t\t\t\t<img loading=\"lazy\" decoding=\"async\" width=\"1150\" height=\"278\" src=\"https:\/\/sabitmobilya.com\/wp-content\/uploads\/2022\/10\/hakkimizda-banner.jpg\" class=\"img\" alt=\"\" srcset=\"https:\/\/sabitmobilya.com\/wp-content\/uploads\/2022\/10\/hakkimizda-banner.jpg 1150w, https:\/\/sabitmobilya.com\/wp-content\/uploads\/2022\/10\/hakkimizda-banner-300x73.jpg 300w, https:\/\/sabitmobilya.com\/wp-content\/uploads\/2022\/10\/hakkimizda-banner-1024x248.jpg 1024w, https:\/\/sabitmobilya.com\/wp-content\/uploads\/2022\/10\/hakkimizda-banner-768x186.jpg 768w, https:\/\/sabitmobilya.com\/wp-content\/uploads\/2022\/10\/hakkimizda-banner-900x218.jpg 900w\" sizes=\"auto, (max-width: 1150px) 100vw, 1150px\" \/> \n\t\t\t\t<span class=\"overlay\" style=\"background:#000000;border-color:#000000\"><\/span>\n\t\t\t<\/a>\n\t\t<\/div>\n\t\t[\/vc_column][\/vc_row][vc_row][vc_column][vc_column_text]<\/p>\n<p>&nbsp;<\/p>\n<p>\u00a01978 y\u0131l\u0131nda Yasemin Mobilya Dekorasyon olarak kurulan \u015firketimiz;<\/p>\n<div class=\"wp-block-columns are-vertically-aligned-center hakkimizdaBlok\">\n<div class=\"wp-block-column\">\n<p>1988 y\u0131l\u0131nda, Sabit Mobilya Dekorasyon olarak isim de\u011fi\u015fikli\u011fine gidilmi\u015ftir.<\/p>\n<p>\u015eirketimizin kuruldu\u011fu g\u00fcnden beri alan\u0131nda profesyonel ve deneyimli kadromuzla mobilya dekorasyon alan\u0131nda \u00fcretmi\u015f oldu\u011fumuz KLAS\u0130K VE MODERN tarzlar\u0131 ve tasar\u0131m trendlerini takip ederek \u00a0ki\u015fiye \u00f6zel sipari\u015f ve proje bazl\u0131 i\u015fler \u00fcreterek ya\u015fanmaya de\u011fer \u00f6zel mekanlar ortaya \u00e7\u0131karmaya \u00e7al\u0131\u015f\u0131yoruz.<\/p>\n<p>Otel, villa, daire, ofis mobilyalar\u0131, \u00e7at\u0131, pergola ve benzeri i\u015flerimizle mobilya dekorasyon alan\u0131nda mimarlar\u0131m\u0131zla anahtar teslim i\u015fler yapmaktay\u0131z.<\/p>\n<p>SAB\u0130T MOB\u0130LYA DEKORASYON kuruldu\u011fu g\u00fcnden itibaren \u00dcretimini yapt\u0131\u011f\u0131 i\u015fleri en b\u00fcy\u00fck prensibimiz olan en kaliteli malzemeyi kullanarak, muazzam el i\u015f\u00e7ili\u011fini birle\u015ftirip siz de\u011ferli m\u00fc\u015fterilerimize s\u00f6z verdi\u011fimiz s\u00fcrede teslim etmektir<\/p>\n<p>Mobilya ve dekorasyon alan\u0131nda siz de\u011ferli m\u00fc\u015fterilerimiz istedi\u011finiz ve hayal etti\u011finiz her \u015feyi yapmaktay\u0131z.<\/p>\n<p>\u0130zmir ve T\u00fcrkiye genelinde geni\u015f m\u00fc\u015fteri portf\u00f6y\u00fcm\u00fcze ve siz de\u011ferli m\u00fc\u015fterilerime hizmet vermekteyiz i\u015f sonunda daima\u00a0 m\u00fc\u015fterilerimizle dost kal\u0131p sonuna kadar i\u015fimizin arkas\u0131nda durmaktay\u0131z<\/p>\n<p class=\"has-text-align-right\"><strong>Siz hayal edin biz yapal\u0131m<\/strong><\/p>\n<p class=\"has-text-align-right\"><strong>SAB\u0130T MOB\u0130LYA DEKORASYON <\/strong><\/p>\n<\/p>\n<\/div>\n<\/div>\n<p>\n\u00a0<\/p>\r\n<p>\u00a0<\/p>\r\n<p>[\/vc_column_text][\/vc_column][\/vc_row]<\/p><\/section>","protected":false},"excerpt":{"rendered":"<p>[vc_row][vc_column][vc_column_text]\u00a0 \u00a0 [\/vc_column_text][\/vc_column][\/vc_row]<\/p>\n","protected":false},"author":1,"featured_media":0,"parent":0,"menu_order":0,"comment_status":"closed","ping_status":"closed","template":"","meta":{"footnotes":""},"class_list":["post-12095","page","type-page","status-publish","hentry"],"_links":{"self":[{"href":"https:\/\/sabitmobilya.com\/index.php\/wp-json\/wp\/v2\/pages\/12095","targetHints":{"allow":["GET"]}}],"collection":[{"href":"https:\/\/sabitmobilya.com\/index.php\/wp-json\/wp\/v2\/pages"}],"about":[{"href":"https:\/\/sabitmobilya.com\/index.php\/wp-json\/wp\/v2\/types\/page"}],"author":[{"embeddable":true,"href":"https:\/\/sabitmobilya.com\/index.php\/wp-json\/wp\/v2\/users\/1"}],"replies":[{"embeddable":true,"href":"https:\/\/sabitmobilya.com\/index.php\/wp-json\/wp\/v2\/comments?post=12095"}],"version-history":[{"count":18,"href":"https:\/\/sabitmobilya.com\/index.php\/wp-json\/wp\/v2\/pages\/12095\/revisions"}],"predecessor-version":[{"id":12871,"href":"https:\/\/sabitmobilya.com\/index.php\/wp-json\/wp\/v2\/pages\/12095\/revisions\/12871"}],"wp:attachment":[{"href":"https:\/\/sabitmobilya.com\/index.php\/wp-json\/wp\/v2\/media?parent=12095"}],"curies":[{"name":"wp","href":"https:\/\/api.w.org\/{rel}","templated":true}]}}