{"id":12230,"date":"2022-10-24T12:25:05","date_gmt":"2022-10-24T09:25:05","guid":{"rendered":"https:\/\/sabitmobilya.com\/sabit\/?page_id=12230"},"modified":"2022-10-28T12:09:10","modified_gmt":"2022-10-28T09:09:10","slug":"dis-kapi-modelleri","status":"publish","type":"page","link":"https:\/\/sabitmobilya.com\/index.php\/dis-kapi-modelleri\/","title":{"rendered":"D\u0131\u015f Kap\u0131 Modelleri"},"content":{"rendered":"<section class=\"wpb-content-wrapper\"><p>[vc_row][vc_column]\t\t<div class=\"ts-image-gallery-wrapper ts-shortcode   has-margin columns-6\" >\n\t\t\t\t\t\t<header class=\"shortcode-heading-wrapper\">\n\t\t\t\t<h3 class=\"heading-title\">D\u0131\u015f Kap\u0131 Modelleri<\/h3>\n\t\t\t<\/header>\n\t\t\t\t\t\t<div class=\"images \">\n\t\t\t\t\t\t\t\t<div class=\"item first\">\n\t\t\t\t\t<a class=\"prettyphoto\" href=\"https:\/\/sabitmobilya.com\/wp-content\/uploads\/2022\/10\/799261cb-3bc0-4e52-af4d-ad57c5c13262.jpg\" data-rel=\"prettyPhoto[ts-gallery-977519174]\" ><img loading=\"lazy\" decoding=\"async\" width=\"150\" height=\"150\" src=\"https:\/\/sabitmobilya.com\/wp-content\/uploads\/2022\/10\/799261cb-3bc0-4e52-af4d-ad57c5c13262-150x150.jpg\" class=\"attachment-thumbnail size-thumbnail\" alt=\"\" srcset=\"https:\/\/sabitmobilya.com\/wp-content\/uploads\/2022\/10\/799261cb-3bc0-4e52-af4d-ad57c5c13262-150x150.jpg 150w, https:\/\/sabitmobilya.com\/wp-content\/uploads\/2022\/10\/799261cb-3bc0-4e52-af4d-ad57c5c13262-400x400.jpg 400w, https:\/\/sabitmobilya.com\/wp-content\/uploads\/2022\/10\/799261cb-3bc0-4e52-af4d-ad57c5c13262-100x100.jpg 100w, https:\/\/sabitmobilya.com\/wp-content\/uploads\/2022\/10\/799261cb-3bc0-4e52-af4d-ad57c5c13262-30x30.jpg 30w, https:\/\/sabitmobilya.com\/wp-content\/uploads\/2022\/10\/799261cb-3bc0-4e52-af4d-ad57c5c13262-40x40.jpg 40w\" sizes=\"auto, (max-width: 150px) 100vw, 150px\" \/><\/a>\t\t\t\t<\/div>\n\t\t\t\t\t\t\t\t<div class=\"item \">\n\t\t\t\t\t<a class=\"prettyphoto\" href=\"https:\/\/sabitmobilya.com\/wp-content\/uploads\/2022\/10\/20160106_095915.jpg\" data-rel=\"prettyPhoto[ts-gallery-977519174]\" ><img loading=\"lazy\" decoding=\"async\" width=\"150\" height=\"150\" src=\"https:\/\/sabitmobilya.com\/wp-content\/uploads\/2022\/10\/20160106_095915-150x150.jpg\" class=\"attachment-thumbnail size-thumbnail\" alt=\"\" srcset=\"https:\/\/sabitmobilya.com\/wp-content\/uploads\/2022\/10\/20160106_095915-150x150.jpg 150w, https:\/\/sabitmobilya.com\/wp-content\/uploads\/2022\/10\/20160106_095915-400x400.jpg 400w, https:\/\/sabitmobilya.com\/wp-content\/uploads\/2022\/10\/20160106_095915-100x100.jpg 100w, https:\/\/sabitmobilya.com\/wp-content\/uploads\/2022\/10\/20160106_095915-30x30.jpg 30w, https:\/\/sabitmobilya.com\/wp-content\/uploads\/2022\/10\/20160106_095915-40x40.jpg 40w\" sizes=\"auto, (max-width: 150px) 100vw, 150px\" \/><\/a>\t\t\t\t<\/div>\n\t\t\t\t\t\t\t\t<div class=\"item \">\n\t\t\t\t\t<a class=\"prettyphoto\" href=\"https:\/\/sabitmobilya.com\/wp-content\/uploads\/2022\/10\/20180621_095505.jpg\" data-rel=\"prettyPhoto[ts-gallery-977519174]\" ><img loading=\"lazy\" decoding=\"async\" width=\"150\" height=\"150\" src=\"https:\/\/sabitmobilya.com\/wp-content\/uploads\/2022\/10\/20180621_095505-150x150.jpg\" class=\"attachment-thumbnail size-thumbnail\" alt=\"\" srcset=\"https:\/\/sabitmobilya.com\/wp-content\/uploads\/2022\/10\/20180621_095505-150x150.jpg 150w, https:\/\/sabitmobilya.com\/wp-content\/uploads\/2022\/10\/20180621_095505-400x400.jpg 400w, https:\/\/sabitmobilya.com\/wp-content\/uploads\/2022\/10\/20180621_095505-100x100.jpg 100w, https:\/\/sabitmobilya.com\/wp-content\/uploads\/2022\/10\/20180621_095505-30x30.jpg 30w, https:\/\/sabitmobilya.com\/wp-content\/uploads\/2022\/10\/20180621_095505-40x40.jpg 40w\" sizes=\"auto, (max-width: 150px) 100vw, 150px\" \/><\/a>\t\t\t\t<\/div>\n\t\t\t\t\t\t\t\t<div class=\"item \">\n\t\t\t\t\t<a class=\"prettyphoto\" href=\"https:\/\/sabitmobilya.com\/wp-content\/uploads\/2022\/10\/IMG_0550.jpg\" data-rel=\"prettyPhoto[ts-gallery-977519174]\" ><img loading=\"lazy\" decoding=\"async\" width=\"150\" height=\"150\" src=\"https:\/\/sabitmobilya.com\/wp-content\/uploads\/2022\/10\/IMG_0550-150x150.jpg\" class=\"attachment-thumbnail size-thumbnail\" alt=\"\" srcset=\"https:\/\/sabitmobilya.com\/wp-content\/uploads\/2022\/10\/IMG_0550-150x150.jpg 150w, https:\/\/sabitmobilya.com\/wp-content\/uploads\/2022\/10\/IMG_0550-300x300.jpg 300w, https:\/\/sabitmobilya.com\/wp-content\/uploads\/2022\/10\/IMG_0550-768x768.jpg 768w, https:\/\/sabitmobilya.com\/wp-content\/uploads\/2022\/10\/IMG_0550-400x400.jpg 400w, https:\/\/sabitmobilya.com\/wp-content\/uploads\/2022\/10\/IMG_0550-100x100.jpg 100w, https:\/\/sabitmobilya.com\/wp-content\/uploads\/2022\/10\/IMG_0550-30x30.jpg 30w, https:\/\/sabitmobilya.com\/wp-content\/uploads\/2022\/10\/IMG_0550-40x40.jpg 40w, https:\/\/sabitmobilya.com\/wp-content\/uploads\/2022\/10\/IMG_0550.jpg 800w\" sizes=\"auto, (max-width: 150px) 100vw, 150px\" \/><\/a>\t\t\t\t<\/div>\n\t\t\t\t\t\t\t\t<div class=\"item \">\n\t\t\t\t\t<a class=\"prettyphoto\" href=\"https:\/\/sabitmobilya.com\/wp-content\/uploads\/2022\/10\/IMG_0763.jpg\" data-rel=\"prettyPhoto[ts-gallery-977519174]\" ><img loading=\"lazy\" decoding=\"async\" width=\"150\" height=\"150\" src=\"https:\/\/sabitmobilya.com\/wp-content\/uploads\/2022\/10\/IMG_0763-150x150.jpg\" class=\"attachment-thumbnail size-thumbnail\" alt=\"\" srcset=\"https:\/\/sabitmobilya.com\/wp-content\/uploads\/2022\/10\/IMG_0763-150x150.jpg 150w, https:\/\/sabitmobilya.com\/wp-content\/uploads\/2022\/10\/IMG_0763-400x400.jpg 400w, https:\/\/sabitmobilya.com\/wp-content\/uploads\/2022\/10\/IMG_0763-100x100.jpg 100w, https:\/\/sabitmobilya.com\/wp-content\/uploads\/2022\/10\/IMG_0763-30x30.jpg 30w, https:\/\/sabitmobilya.com\/wp-content\/uploads\/2022\/10\/IMG_0763-40x40.jpg 40w\" sizes=\"auto, (max-width: 150px) 100vw, 150px\" \/><\/a>\t\t\t\t<\/div>\n\t\t\t\t\t\t\t\t<div class=\"item last\">\n\t\t\t\t\t<a class=\"prettyphoto\" href=\"https:\/\/sabitmobilya.com\/wp-content\/uploads\/2022\/10\/IMG_0785.jpg\" data-rel=\"prettyPhoto[ts-gallery-977519174]\" ><img loading=\"lazy\" decoding=\"async\" width=\"150\" height=\"150\" src=\"https:\/\/sabitmobilya.com\/wp-content\/uploads\/2022\/10\/IMG_0785-150x150.jpg\" class=\"attachment-thumbnail size-thumbnail\" alt=\"\" srcset=\"https:\/\/sabitmobilya.com\/wp-content\/uploads\/2022\/10\/IMG_0785-150x150.jpg 150w, https:\/\/sabitmobilya.com\/wp-content\/uploads\/2022\/10\/IMG_0785-400x400.jpg 400w, https:\/\/sabitmobilya.com\/wp-content\/uploads\/2022\/10\/IMG_0785-100x100.jpg 100w, https:\/\/sabitmobilya.com\/wp-content\/uploads\/2022\/10\/IMG_0785-30x30.jpg 30w, https:\/\/sabitmobilya.com\/wp-content\/uploads\/2022\/10\/IMG_0785-40x40.jpg 40w\" sizes=\"auto, (max-width: 150px) 100vw, 150px\" \/><\/a>\t\t\t\t<\/div>\n\t\t\t\t\t\t\t\t<div class=\"item first\">\n\t\t\t\t\t<a class=\"prettyphoto\" href=\"https:\/\/sabitmobilya.com\/wp-content\/uploads\/2022\/10\/IMG_3015.jpg\" data-rel=\"prettyPhoto[ts-gallery-977519174]\" ><img loading=\"lazy\" decoding=\"async\" width=\"150\" height=\"150\" src=\"https:\/\/sabitmobilya.com\/wp-content\/uploads\/2022\/10\/IMG_3015-150x150.jpg\" class=\"attachment-thumbnail size-thumbnail\" alt=\"\" srcset=\"https:\/\/sabitmobilya.com\/wp-content\/uploads\/2022\/10\/IMG_3015-150x150.jpg 150w, https:\/\/sabitmobilya.com\/wp-content\/uploads\/2022\/10\/IMG_3015-400x400.jpg 400w, https:\/\/sabitmobilya.com\/wp-content\/uploads\/2022\/10\/IMG_3015-100x100.jpg 100w, https:\/\/sabitmobilya.com\/wp-content\/uploads\/2022\/10\/IMG_3015-30x30.jpg 30w, https:\/\/sabitmobilya.com\/wp-content\/uploads\/2022\/10\/IMG_3015-40x40.jpg 40w\" sizes=\"auto, (max-width: 150px) 100vw, 150px\" \/><\/a>\t\t\t\t<\/div>\n\t\t\t\t\t\t\t\t<div class=\"item \">\n\t\t\t\t\t<a class=\"prettyphoto\" href=\"https:\/\/sabitmobilya.com\/wp-content\/uploads\/2022\/10\/IMG_3017.jpg\" data-rel=\"prettyPhoto[ts-gallery-977519174]\" ><img loading=\"lazy\" decoding=\"async\" width=\"150\" height=\"150\" src=\"https:\/\/sabitmobilya.com\/wp-content\/uploads\/2022\/10\/IMG_3017-150x150.jpg\" class=\"attachment-thumbnail size-thumbnail\" alt=\"\" srcset=\"https:\/\/sabitmobilya.com\/wp-content\/uploads\/2022\/10\/IMG_3017-150x150.jpg 150w, https:\/\/sabitmobilya.com\/wp-content\/uploads\/2022\/10\/IMG_3017-300x300.jpg 300w, https:\/\/sabitmobilya.com\/wp-content\/uploads\/2022\/10\/IMG_3017-768x768.jpg 768w, https:\/\/sabitmobilya.com\/wp-content\/uploads\/2022\/10\/IMG_3017-400x400.jpg 400w, https:\/\/sabitmobilya.com\/wp-content\/uploads\/2022\/10\/IMG_3017-100x100.jpg 100w, https:\/\/sabitmobilya.com\/wp-content\/uploads\/2022\/10\/IMG_3017-30x30.jpg 30w, https:\/\/sabitmobilya.com\/wp-content\/uploads\/2022\/10\/IMG_3017-40x40.jpg 40w, https:\/\/sabitmobilya.com\/wp-content\/uploads\/2022\/10\/IMG_3017.jpg 800w\" sizes=\"auto, (max-width: 150px) 100vw, 150px\" \/><\/a>\t\t\t\t<\/div>\n\t\t\t\t\t\t\t\t<div class=\"item \">\n\t\t\t\t\t<a class=\"prettyphoto\" href=\"https:\/\/sabitmobilya.com\/wp-content\/uploads\/2022\/10\/IMG-20151208-WA0003.jpg\" data-rel=\"prettyPhoto[ts-gallery-977519174]\" ><img loading=\"lazy\" decoding=\"async\" width=\"150\" height=\"150\" src=\"https:\/\/sabitmobilya.com\/wp-content\/uploads\/2022\/10\/IMG-20151208-WA0003-150x150.jpg\" class=\"attachment-thumbnail size-thumbnail\" alt=\"\" srcset=\"https:\/\/sabitmobilya.com\/wp-content\/uploads\/2022\/10\/IMG-20151208-WA0003-150x150.jpg 150w, https:\/\/sabitmobilya.com\/wp-content\/uploads\/2022\/10\/IMG-20151208-WA0003-400x400.jpg 400w, https:\/\/sabitmobilya.com\/wp-content\/uploads\/2022\/10\/IMG-20151208-WA0003-100x100.jpg 100w, https:\/\/sabitmobilya.com\/wp-content\/uploads\/2022\/10\/IMG-20151208-WA0003-30x30.jpg 30w, https:\/\/sabitmobilya.com\/wp-content\/uploads\/2022\/10\/IMG-20151208-WA0003-40x40.jpg 40w\" sizes=\"auto, (max-width: 150px) 100vw, 150px\" \/><\/a>\t\t\t\t<\/div>\n\t\t\t\t\t\t\t\t<div class=\"item \">\n\t\t\t\t\t<a class=\"prettyphoto\" href=\"https:\/\/sabitmobilya.com\/wp-content\/uploads\/2022\/10\/IMG-20151208-WA0017.jpg\" data-rel=\"prettyPhoto[ts-gallery-977519174]\" ><img loading=\"lazy\" decoding=\"async\" width=\"150\" height=\"150\" src=\"https:\/\/sabitmobilya.com\/wp-content\/uploads\/2022\/10\/IMG-20151208-WA0017-150x150.jpg\" class=\"attachment-thumbnail size-thumbnail\" alt=\"\" srcset=\"https:\/\/sabitmobilya.com\/wp-content\/uploads\/2022\/10\/IMG-20151208-WA0017-150x150.jpg 150w, https:\/\/sabitmobilya.com\/wp-content\/uploads\/2022\/10\/IMG-20151208-WA0017-400x400.jpg 400w, https:\/\/sabitmobilya.com\/wp-content\/uploads\/2022\/10\/IMG-20151208-WA0017-100x100.jpg 100w, https:\/\/sabitmobilya.com\/wp-content\/uploads\/2022\/10\/IMG-20151208-WA0017-30x30.jpg 30w, https:\/\/sabitmobilya.com\/wp-content\/uploads\/2022\/10\/IMG-20151208-WA0017-40x40.jpg 40w\" sizes=\"auto, (max-width: 150px) 100vw, 150px\" \/><\/a>\t\t\t\t<\/div>\n\t\t\t\t\t\t\t\t<div class=\"item \">\n\t\t\t\t\t<a class=\"prettyphoto\" href=\"https:\/\/sabitmobilya.com\/wp-content\/uploads\/2022\/10\/IMG-20170315-WA0007.jpg\" data-rel=\"prettyPhoto[ts-gallery-977519174]\" ><img loading=\"lazy\" decoding=\"async\" width=\"150\" height=\"150\" src=\"https:\/\/sabitmobilya.com\/wp-content\/uploads\/2022\/10\/IMG-20170315-WA0007-150x150.jpg\" class=\"attachment-thumbnail size-thumbnail\" alt=\"\" srcset=\"https:\/\/sabitmobilya.com\/wp-content\/uploads\/2022\/10\/IMG-20170315-WA0007-150x150.jpg 150w, https:\/\/sabitmobilya.com\/wp-content\/uploads\/2022\/10\/IMG-20170315-WA0007-400x400.jpg 400w, https:\/\/sabitmobilya.com\/wp-content\/uploads\/2022\/10\/IMG-20170315-WA0007-100x100.jpg 100w, https:\/\/sabitmobilya.com\/wp-content\/uploads\/2022\/10\/IMG-20170315-WA0007-30x30.jpg 30w, https:\/\/sabitmobilya.com\/wp-content\/uploads\/2022\/10\/IMG-20170315-WA0007-40x40.jpg 40w\" sizes=\"auto, (max-width: 150px) 100vw, 150px\" \/><\/a>\t\t\t\t<\/div>\n\t\t\t\t\t\t\t\t<div class=\"item last\">\n\t\t\t\t\t<a class=\"prettyphoto\" href=\"https:\/\/sabitmobilya.com\/wp-content\/uploads\/2022\/10\/IMG-20170922-WA0004.jpg\" data-rel=\"prettyPhoto[ts-gallery-977519174]\" ><img loading=\"lazy\" decoding=\"async\" width=\"150\" height=\"150\" src=\"https:\/\/sabitmobilya.com\/wp-content\/uploads\/2022\/10\/IMG-20170922-WA0004-150x150.jpg\" class=\"attachment-thumbnail size-thumbnail\" alt=\"\" srcset=\"https:\/\/sabitmobilya.com\/wp-content\/uploads\/2022\/10\/IMG-20170922-WA0004-150x150.jpg 150w, https:\/\/sabitmobilya.com\/wp-content\/uploads\/2022\/10\/IMG-20170922-WA0004-400x400.jpg 400w, https:\/\/sabitmobilya.com\/wp-content\/uploads\/2022\/10\/IMG-20170922-WA0004-100x100.jpg 100w, https:\/\/sabitmobilya.com\/wp-content\/uploads\/2022\/10\/IMG-20170922-WA0004-30x30.jpg 30w, https:\/\/sabitmobilya.com\/wp-content\/uploads\/2022\/10\/IMG-20170922-WA0004-40x40.jpg 40w\" sizes=\"auto, (max-width: 150px) 100vw, 150px\" \/><\/a>\t\t\t\t<\/div>\n\t\t\t\t\t\t\t\t<div class=\"item first\">\n\t\t\t\t\t<a class=\"prettyphoto\" href=\"https:\/\/sabitmobilya.com\/wp-content\/uploads\/2022\/10\/IMG-20180612-WA0001.jpg\" data-rel=\"prettyPhoto[ts-gallery-977519174]\" ><img loading=\"lazy\" decoding=\"async\" width=\"150\" height=\"150\" src=\"https:\/\/sabitmobilya.com\/wp-content\/uploads\/2022\/10\/IMG-20180612-WA0001-150x150.jpg\" class=\"attachment-thumbnail size-thumbnail\" alt=\"\" srcset=\"https:\/\/sabitmobilya.com\/wp-content\/uploads\/2022\/10\/IMG-20180612-WA0001-150x150.jpg 150w, https:\/\/sabitmobilya.com\/wp-content\/uploads\/2022\/10\/IMG-20180612-WA0001-400x400.jpg 400w, https:\/\/sabitmobilya.com\/wp-content\/uploads\/2022\/10\/IMG-20180612-WA0001-100x100.jpg 100w, https:\/\/sabitmobilya.com\/wp-content\/uploads\/2022\/10\/IMG-20180612-WA0001-30x30.jpg 30w, https:\/\/sabitmobilya.com\/wp-content\/uploads\/2022\/10\/IMG-20180612-WA0001-40x40.jpg 40w\" sizes=\"auto, (max-width: 150px) 100vw, 150px\" \/><\/a>\t\t\t\t<\/div>\n\t\t\t\t\t\t\t\t<div class=\"item \">\n\t\t\t\t\t<a class=\"prettyphoto\" href=\"https:\/\/sabitmobilya.com\/wp-content\/uploads\/2022\/10\/IMG-20180727-WA0039.jpg\" data-rel=\"prettyPhoto[ts-gallery-977519174]\" ><img loading=\"lazy\" decoding=\"async\" width=\"150\" height=\"150\" src=\"https:\/\/sabitmobilya.com\/wp-content\/uploads\/2022\/10\/IMG-20180727-WA0039-150x150.jpg\" class=\"attachment-thumbnail size-thumbnail\" alt=\"\" srcset=\"https:\/\/sabitmobilya.com\/wp-content\/uploads\/2022\/10\/IMG-20180727-WA0039-150x150.jpg 150w, https:\/\/sabitmobilya.com\/wp-content\/uploads\/2022\/10\/IMG-20180727-WA0039-400x400.jpg 400w, https:\/\/sabitmobilya.com\/wp-content\/uploads\/2022\/10\/IMG-20180727-WA0039-100x100.jpg 100w, https:\/\/sabitmobilya.com\/wp-content\/uploads\/2022\/10\/IMG-20180727-WA0039-30x30.jpg 30w, https:\/\/sabitmobilya.com\/wp-content\/uploads\/2022\/10\/IMG-20180727-WA0039-40x40.jpg 40w\" sizes=\"auto, (max-width: 150px) 100vw, 150px\" \/><\/a>\t\t\t\t<\/div>\n\t\t\t\t\t\t\t\t<div class=\"item \">\n\t\t\t\t\t<a class=\"prettyphoto\" href=\"https:\/\/sabitmobilya.com\/wp-content\/uploads\/2022\/10\/IMG-20180727-WA0061.jpg\" data-rel=\"prettyPhoto[ts-gallery-977519174]\" ><img loading=\"lazy\" decoding=\"async\" width=\"150\" height=\"150\" src=\"https:\/\/sabitmobilya.com\/wp-content\/uploads\/2022\/10\/IMG-20180727-WA0061-150x150.jpg\" class=\"attachment-thumbnail size-thumbnail\" alt=\"\" srcset=\"https:\/\/sabitmobilya.com\/wp-content\/uploads\/2022\/10\/IMG-20180727-WA0061-150x150.jpg 150w, https:\/\/sabitmobilya.com\/wp-content\/uploads\/2022\/10\/IMG-20180727-WA0061-400x400.jpg 400w, https:\/\/sabitmobilya.com\/wp-content\/uploads\/2022\/10\/IMG-20180727-WA0061-100x100.jpg 100w, https:\/\/sabitmobilya.com\/wp-content\/uploads\/2022\/10\/IMG-20180727-WA0061-30x30.jpg 30w, https:\/\/sabitmobilya.com\/wp-content\/uploads\/2022\/10\/IMG-20180727-WA0061-40x40.jpg 40w\" sizes=\"auto, (max-width: 150px) 100vw, 150px\" \/><\/a>\t\t\t\t<\/div>\n\t\t\t\t\t\t\t\t<div class=\"item last\">\n\t\t\t\t\t<a class=\"prettyphoto\" href=\"https:\/\/sabitmobilya.com\/wp-content\/uploads\/2022\/10\/IMG-20180727-WA0062.jpg\" data-rel=\"prettyPhoto[ts-gallery-977519174]\" ><img loading=\"lazy\" decoding=\"async\" width=\"150\" height=\"150\" src=\"https:\/\/sabitmobilya.com\/wp-content\/uploads\/2022\/10\/IMG-20180727-WA0062-150x150.jpg\" class=\"attachment-thumbnail size-thumbnail\" alt=\"\" srcset=\"https:\/\/sabitmobilya.com\/wp-content\/uploads\/2022\/10\/IMG-20180727-WA0062-150x150.jpg 150w, https:\/\/sabitmobilya.com\/wp-content\/uploads\/2022\/10\/IMG-20180727-WA0062-400x400.jpg 400w, https:\/\/sabitmobilya.com\/wp-content\/uploads\/2022\/10\/IMG-20180727-WA0062-100x100.jpg 100w, https:\/\/sabitmobilya.com\/wp-content\/uploads\/2022\/10\/IMG-20180727-WA0062-30x30.jpg 30w, https:\/\/sabitmobilya.com\/wp-content\/uploads\/2022\/10\/IMG-20180727-WA0062-40x40.jpg 40w\" sizes=\"auto, (max-width: 150px) 100vw, 150px\" \/><\/a>\t\t\t\t<\/div>\n\t\t\t\t\t\t\t<\/div>\n\t\t<\/div>\n\t\t[vc_empty_space height=&#8221;60px&#8221;][\/vc_column][\/vc_row]<\/p>\n<\/section>","protected":false},"excerpt":{"rendered":"[vc_row][vc_column] D\u0131\u015f Kap\u0131 Modelleri [vc_empty_space height=\"60px\"][\/vc_column][\/vc_row]","protected":false},"author":1,"featured_media":0,"parent":0,"menu_order":0,"comment_status":"closed","ping_status":"closed","template":"","meta":{"footnotes":""},"class_list":["post-12230","page","type-page","status-publish","hentry"],"_links":{"self":[{"href":"https:\/\/sabitmobilya.com\/index.php\/wp-json\/wp\/v2\/pages\/12230","targetHints":{"allow":["GET"]}}],"collection":[{"href":"https:\/\/sabitmobilya.com\/index.php\/wp-json\/wp\/v2\/pages"}],"about":[{"href":"https:\/\/sabitmobilya.com\/index.php\/wp-json\/wp\/v2\/types\/page"}],"author":[{"embeddable":true,"href":"https:\/\/sabitmobilya.com\/index.php\/wp-json\/wp\/v2\/users\/1"}],"replies":[{"embeddable":true,"href":"https:\/\/sabitmobilya.com\/index.php\/wp-json\/wp\/v2\/comments?post=12230"}],"version-history":[{"count":5,"href":"https:\/\/sabitmobilya.com\/index.php\/wp-json\/wp\/v2\/pages\/12230\/revisions"}],"predecessor-version":[{"id":12784,"href":"https:\/\/sabitmobilya.com\/index.php\/wp-json\/wp\/v2\/pages\/12230\/revisions\/12784"}],"wp:attachment":[{"href":"https:\/\/sabitmobilya.com\/index.php\/wp-json\/wp\/v2\/media?parent=12230"}],"curies":[{"name":"wp","href":"https:\/\/api.w.org\/{rel}","templated":true}]}}