{"id":12286,"date":"2022-10-25T11:26:11","date_gmt":"2022-10-25T08:26:11","guid":{"rendered":"https:\/\/sabitmobilya.com\/sabit\/?page_id=12286"},"modified":"2023-04-13T14:46:57","modified_gmt":"2023-04-13T11:46:57","slug":"g-ketenci-guzelbahce","status":"publish","type":"page","link":"https:\/\/sabitmobilya.com\/index.php\/g-ketenci-guzelbahce\/","title":{"rendered":"G.K. G\u00fczelbah\u00e7e"},"content":{"rendered":"<section class=\"wpb-content-wrapper\"><p>[vc_row][vc_column][vc_column_text]<p>[\/vc_column_text][\/vc_column][\/vc_row][vc_row][vc_column]\t\t<div class=\"ts-image-gallery-wrapper ts-shortcode   has-margin columns-5\" >\n\t\t\t\t\t\t<header class=\"shortcode-heading-wrapper\">\n\t\t\t\t<h3 class=\"heading-title\">G.K. G\u00fczelbah\u00e7e Mutfak, Basamak ve Kupe\u015fte<\/h3>\n\t\t\t<\/header>\n\t\t\t\t\t\t<div class=\"images \">\n\t\t\t\t\t\t\t\t<div class=\"item first\">\n\t\t\t\t\t<a class=\"prettyphoto\" href=\"https:\/\/sabitmobilya.com\/wp-content\/uploads\/2022\/10\/IMG_1332.jpg\" data-rel=\"prettyPhoto[ts-gallery-1922896365]\" ><img loading=\"lazy\" decoding=\"async\" width=\"150\" height=\"150\" src=\"https:\/\/sabitmobilya.com\/wp-content\/uploads\/2022\/10\/IMG_1332-150x150.jpg\" class=\"attachment-thumbnail size-thumbnail\" alt=\"\" srcset=\"https:\/\/sabitmobilya.com\/wp-content\/uploads\/2022\/10\/IMG_1332-150x150.jpg 150w, https:\/\/sabitmobilya.com\/wp-content\/uploads\/2022\/10\/IMG_1332-400x400.jpg 400w, https:\/\/sabitmobilya.com\/wp-content\/uploads\/2022\/10\/IMG_1332-100x100.jpg 100w, https:\/\/sabitmobilya.com\/wp-content\/uploads\/2022\/10\/IMG_1332-30x30.jpg 30w, https:\/\/sabitmobilya.com\/wp-content\/uploads\/2022\/10\/IMG_1332-40x40.jpg 40w\" sizes=\"auto, (max-width: 150px) 100vw, 150px\" \/><\/a>\t\t\t\t<\/div>\n\t\t\t\t\t\t\t\t<div class=\"item \">\n\t\t\t\t\t<a class=\"prettyphoto\" href=\"https:\/\/sabitmobilya.com\/wp-content\/uploads\/2022\/10\/IMG_1333.jpg\" data-rel=\"prettyPhoto[ts-gallery-1922896365]\" ><img loading=\"lazy\" decoding=\"async\" width=\"150\" height=\"150\" src=\"https:\/\/sabitmobilya.com\/wp-content\/uploads\/2022\/10\/IMG_1333-150x150.jpg\" class=\"attachment-thumbnail size-thumbnail\" alt=\"\" srcset=\"https:\/\/sabitmobilya.com\/wp-content\/uploads\/2022\/10\/IMG_1333-150x150.jpg 150w, https:\/\/sabitmobilya.com\/wp-content\/uploads\/2022\/10\/IMG_1333-400x400.jpg 400w, https:\/\/sabitmobilya.com\/wp-content\/uploads\/2022\/10\/IMG_1333-100x100.jpg 100w, https:\/\/sabitmobilya.com\/wp-content\/uploads\/2022\/10\/IMG_1333-30x30.jpg 30w, https:\/\/sabitmobilya.com\/wp-content\/uploads\/2022\/10\/IMG_1333-40x40.jpg 40w\" sizes=\"auto, (max-width: 150px) 100vw, 150px\" \/><\/a>\t\t\t\t<\/div>\n\t\t\t\t\t\t\t\t<div class=\"item \">\n\t\t\t\t\t<a class=\"prettyphoto\" href=\"https:\/\/sabitmobilya.com\/wp-content\/uploads\/2022\/10\/IMG_1334.jpg\" data-rel=\"prettyPhoto[ts-gallery-1922896365]\" ><img loading=\"lazy\" decoding=\"async\" width=\"150\" height=\"150\" src=\"https:\/\/sabitmobilya.com\/wp-content\/uploads\/2022\/10\/IMG_1334-150x150.jpg\" class=\"attachment-thumbnail size-thumbnail\" alt=\"\" srcset=\"https:\/\/sabitmobilya.com\/wp-content\/uploads\/2022\/10\/IMG_1334-150x150.jpg 150w, https:\/\/sabitmobilya.com\/wp-content\/uploads\/2022\/10\/IMG_1334-300x300.jpg 300w, https:\/\/sabitmobilya.com\/wp-content\/uploads\/2022\/10\/IMG_1334-768x768.jpg 768w, https:\/\/sabitmobilya.com\/wp-content\/uploads\/2022\/10\/IMG_1334-400x400.jpg 400w, https:\/\/sabitmobilya.com\/wp-content\/uploads\/2022\/10\/IMG_1334-100x100.jpg 100w, https:\/\/sabitmobilya.com\/wp-content\/uploads\/2022\/10\/IMG_1334-30x30.jpg 30w, https:\/\/sabitmobilya.com\/wp-content\/uploads\/2022\/10\/IMG_1334-40x40.jpg 40w, https:\/\/sabitmobilya.com\/wp-content\/uploads\/2022\/10\/IMG_1334.jpg 800w\" sizes=\"auto, (max-width: 150px) 100vw, 150px\" \/><\/a>\t\t\t\t<\/div>\n\t\t\t\t\t\t\t\t<div class=\"item \">\n\t\t\t\t\t<a class=\"prettyphoto\" href=\"https:\/\/sabitmobilya.com\/wp-content\/uploads\/2022\/10\/IMG_1335.jpg\" data-rel=\"prettyPhoto[ts-gallery-1922896365]\" ><img loading=\"lazy\" decoding=\"async\" width=\"150\" height=\"150\" src=\"https:\/\/sabitmobilya.com\/wp-content\/uploads\/2022\/10\/IMG_1335-150x150.jpg\" class=\"attachment-thumbnail size-thumbnail\" alt=\"\" srcset=\"https:\/\/sabitmobilya.com\/wp-content\/uploads\/2022\/10\/IMG_1335-150x150.jpg 150w, https:\/\/sabitmobilya.com\/wp-content\/uploads\/2022\/10\/IMG_1335-300x300.jpg 300w, https:\/\/sabitmobilya.com\/wp-content\/uploads\/2022\/10\/IMG_1335-768x768.jpg 768w, https:\/\/sabitmobilya.com\/wp-content\/uploads\/2022\/10\/IMG_1335-400x400.jpg 400w, https:\/\/sabitmobilya.com\/wp-content\/uploads\/2022\/10\/IMG_1335-100x100.jpg 100w, https:\/\/sabitmobilya.com\/wp-content\/uploads\/2022\/10\/IMG_1335-30x30.jpg 30w, https:\/\/sabitmobilya.com\/wp-content\/uploads\/2022\/10\/IMG_1335-40x40.jpg 40w, https:\/\/sabitmobilya.com\/wp-content\/uploads\/2022\/10\/IMG_1335.jpg 800w\" sizes=\"auto, (max-width: 150px) 100vw, 150px\" \/><\/a>\t\t\t\t<\/div>\n\t\t\t\t\t\t\t\t<div class=\"item last\">\n\t\t\t\t\t<a class=\"prettyphoto\" href=\"https:\/\/sabitmobilya.com\/wp-content\/uploads\/2022\/10\/IMG_1336.jpg\" data-rel=\"prettyPhoto[ts-gallery-1922896365]\" ><img loading=\"lazy\" decoding=\"async\" width=\"150\" height=\"150\" src=\"https:\/\/sabitmobilya.com\/wp-content\/uploads\/2022\/10\/IMG_1336-150x150.jpg\" class=\"attachment-thumbnail size-thumbnail\" alt=\"\" srcset=\"https:\/\/sabitmobilya.com\/wp-content\/uploads\/2022\/10\/IMG_1336-150x150.jpg 150w, https:\/\/sabitmobilya.com\/wp-content\/uploads\/2022\/10\/IMG_1336-400x400.jpg 400w, https:\/\/sabitmobilya.com\/wp-content\/uploads\/2022\/10\/IMG_1336-100x100.jpg 100w, https:\/\/sabitmobilya.com\/wp-content\/uploads\/2022\/10\/IMG_1336-30x30.jpg 30w, https:\/\/sabitmobilya.com\/wp-content\/uploads\/2022\/10\/IMG_1336-40x40.jpg 40w\" sizes=\"auto, (max-width: 150px) 100vw, 150px\" \/><\/a>\t\t\t\t<\/div>\n\t\t\t\t\t\t\t\t<div class=\"item first\">\n\t\t\t\t\t<a class=\"prettyphoto\" href=\"https:\/\/sabitmobilya.com\/wp-content\/uploads\/2022\/10\/IMG_1337.jpg\" data-rel=\"prettyPhoto[ts-gallery-1922896365]\" ><img loading=\"lazy\" decoding=\"async\" width=\"150\" height=\"150\" src=\"https:\/\/sabitmobilya.com\/wp-content\/uploads\/2022\/10\/IMG_1337-150x150.jpg\" class=\"attachment-thumbnail size-thumbnail\" alt=\"\" srcset=\"https:\/\/sabitmobilya.com\/wp-content\/uploads\/2022\/10\/IMG_1337-150x150.jpg 150w, https:\/\/sabitmobilya.com\/wp-content\/uploads\/2022\/10\/IMG_1337-400x400.jpg 400w, https:\/\/sabitmobilya.com\/wp-content\/uploads\/2022\/10\/IMG_1337-100x100.jpg 100w, https:\/\/sabitmobilya.com\/wp-content\/uploads\/2022\/10\/IMG_1337-30x30.jpg 30w, https:\/\/sabitmobilya.com\/wp-content\/uploads\/2022\/10\/IMG_1337-40x40.jpg 40w\" sizes=\"auto, (max-width: 150px) 100vw, 150px\" \/><\/a>\t\t\t\t<\/div>\n\t\t\t\t\t\t\t\t<div class=\"item \">\n\t\t\t\t\t<a class=\"prettyphoto\" href=\"https:\/\/sabitmobilya.com\/wp-content\/uploads\/2022\/10\/IMG_1338.jpg\" data-rel=\"prettyPhoto[ts-gallery-1922896365]\" ><img loading=\"lazy\" decoding=\"async\" width=\"150\" height=\"150\" src=\"https:\/\/sabitmobilya.com\/wp-content\/uploads\/2022\/10\/IMG_1338-150x150.jpg\" class=\"attachment-thumbnail size-thumbnail\" alt=\"\" srcset=\"https:\/\/sabitmobilya.com\/wp-content\/uploads\/2022\/10\/IMG_1338-150x150.jpg 150w, https:\/\/sabitmobilya.com\/wp-content\/uploads\/2022\/10\/IMG_1338-400x400.jpg 400w, https:\/\/sabitmobilya.com\/wp-content\/uploads\/2022\/10\/IMG_1338-100x100.jpg 100w, https:\/\/sabitmobilya.com\/wp-content\/uploads\/2022\/10\/IMG_1338-30x30.jpg 30w, https:\/\/sabitmobilya.com\/wp-content\/uploads\/2022\/10\/IMG_1338-40x40.jpg 40w\" sizes=\"auto, (max-width: 150px) 100vw, 150px\" \/><\/a>\t\t\t\t<\/div>\n\t\t\t\t\t\t\t\t<div class=\"item \">\n\t\t\t\t\t<a class=\"prettyphoto\" href=\"https:\/\/sabitmobilya.com\/wp-content\/uploads\/2022\/10\/IMG_1339.jpg\" data-rel=\"prettyPhoto[ts-gallery-1922896365]\" ><img loading=\"lazy\" decoding=\"async\" width=\"150\" height=\"150\" src=\"https:\/\/sabitmobilya.com\/wp-content\/uploads\/2022\/10\/IMG_1339-150x150.jpg\" class=\"attachment-thumbnail size-thumbnail\" alt=\"\" srcset=\"https:\/\/sabitmobilya.com\/wp-content\/uploads\/2022\/10\/IMG_1339-150x150.jpg 150w, https:\/\/sabitmobilya.com\/wp-content\/uploads\/2022\/10\/IMG_1339-400x400.jpg 400w, https:\/\/sabitmobilya.com\/wp-content\/uploads\/2022\/10\/IMG_1339-100x100.jpg 100w, https:\/\/sabitmobilya.com\/wp-content\/uploads\/2022\/10\/IMG_1339-30x30.jpg 30w, https:\/\/sabitmobilya.com\/wp-content\/uploads\/2022\/10\/IMG_1339-40x40.jpg 40w\" sizes=\"auto, (max-width: 150px) 100vw, 150px\" \/><\/a>\t\t\t\t<\/div>\n\t\t\t\t\t\t\t\t<div class=\"item \">\n\t\t\t\t\t<a class=\"prettyphoto\" href=\"https:\/\/sabitmobilya.com\/wp-content\/uploads\/2022\/10\/IMG_1340.jpg\" data-rel=\"prettyPhoto[ts-gallery-1922896365]\" ><img loading=\"lazy\" decoding=\"async\" width=\"150\" height=\"150\" src=\"https:\/\/sabitmobilya.com\/wp-content\/uploads\/2022\/10\/IMG_1340-150x150.jpg\" class=\"attachment-thumbnail size-thumbnail\" alt=\"\" srcset=\"https:\/\/sabitmobilya.com\/wp-content\/uploads\/2022\/10\/IMG_1340-150x150.jpg 150w, https:\/\/sabitmobilya.com\/wp-content\/uploads\/2022\/10\/IMG_1340-400x400.jpg 400w, https:\/\/sabitmobilya.com\/wp-content\/uploads\/2022\/10\/IMG_1340-100x100.jpg 100w, https:\/\/sabitmobilya.com\/wp-content\/uploads\/2022\/10\/IMG_1340-30x30.jpg 30w, https:\/\/sabitmobilya.com\/wp-content\/uploads\/2022\/10\/IMG_1340-40x40.jpg 40w\" sizes=\"auto, (max-width: 150px) 100vw, 150px\" \/><\/a>\t\t\t\t<\/div>\n\t\t\t\t\t\t\t\t<div class=\"item last\">\n\t\t\t\t\t<a class=\"prettyphoto\" href=\"https:\/\/sabitmobilya.com\/wp-content\/uploads\/2022\/10\/IMG_1341.jpg\" data-rel=\"prettyPhoto[ts-gallery-1922896365]\" ><img loading=\"lazy\" decoding=\"async\" width=\"150\" height=\"150\" src=\"https:\/\/sabitmobilya.com\/wp-content\/uploads\/2022\/10\/IMG_1341-150x150.jpg\" class=\"attachment-thumbnail size-thumbnail\" alt=\"\" srcset=\"https:\/\/sabitmobilya.com\/wp-content\/uploads\/2022\/10\/IMG_1341-150x150.jpg 150w, https:\/\/sabitmobilya.com\/wp-content\/uploads\/2022\/10\/IMG_1341-400x400.jpg 400w, https:\/\/sabitmobilya.com\/wp-content\/uploads\/2022\/10\/IMG_1341-100x100.jpg 100w, https:\/\/sabitmobilya.com\/wp-content\/uploads\/2022\/10\/IMG_1341-30x30.jpg 30w, https:\/\/sabitmobilya.com\/wp-content\/uploads\/2022\/10\/IMG_1341-40x40.jpg 40w\" sizes=\"auto, (max-width: 150px) 100vw, 150px\" \/><\/a>\t\t\t\t<\/div>\n\t\t\t\t\t\t\t\t<div class=\"item first\">\n\t\t\t\t\t<a class=\"prettyphoto\" href=\"https:\/\/sabitmobilya.com\/wp-content\/uploads\/2022\/10\/IMG_1342.jpg\" data-rel=\"prettyPhoto[ts-gallery-1922896365]\" ><img loading=\"lazy\" decoding=\"async\" width=\"150\" height=\"150\" src=\"https:\/\/sabitmobilya.com\/wp-content\/uploads\/2022\/10\/IMG_1342-150x150.jpg\" class=\"attachment-thumbnail size-thumbnail\" alt=\"\" srcset=\"https:\/\/sabitmobilya.com\/wp-content\/uploads\/2022\/10\/IMG_1342-150x150.jpg 150w, https:\/\/sabitmobilya.com\/wp-content\/uploads\/2022\/10\/IMG_1342-400x400.jpg 400w, https:\/\/sabitmobilya.com\/wp-content\/uploads\/2022\/10\/IMG_1342-100x100.jpg 100w, https:\/\/sabitmobilya.com\/wp-content\/uploads\/2022\/10\/IMG_1342-30x30.jpg 30w, https:\/\/sabitmobilya.com\/wp-content\/uploads\/2022\/10\/IMG_1342-40x40.jpg 40w\" sizes=\"auto, (max-width: 150px) 100vw, 150px\" \/><\/a>\t\t\t\t<\/div>\n\t\t\t\t\t\t\t\t<div class=\"item \">\n\t\t\t\t\t<a class=\"prettyphoto\" href=\"https:\/\/sabitmobilya.com\/wp-content\/uploads\/2023\/04\/gkm001.jpg\" data-rel=\"prettyPhoto[ts-gallery-1922896365]\" ><img loading=\"lazy\" decoding=\"async\" width=\"150\" height=\"150\" src=\"https:\/\/sabitmobilya.com\/wp-content\/uploads\/2023\/04\/gkm001-150x150.jpg\" class=\"attachment-thumbnail size-thumbnail\" alt=\"\" srcset=\"https:\/\/sabitmobilya.com\/wp-content\/uploads\/2023\/04\/gkm001-150x150.jpg 150w, https:\/\/sabitmobilya.com\/wp-content\/uploads\/2023\/04\/gkm001-400x400.jpg 400w, https:\/\/sabitmobilya.com\/wp-content\/uploads\/2023\/04\/gkm001-100x100.jpg 100w, https:\/\/sabitmobilya.com\/wp-content\/uploads\/2023\/04\/gkm001-40x40.jpg 40w\" sizes=\"auto, (max-width: 150px) 100vw, 150px\" \/><\/a>\t\t\t\t<\/div>\n\t\t\t\t\t\t\t\t<div class=\"item \">\n\t\t\t\t\t<a class=\"prettyphoto\" href=\"https:\/\/sabitmobilya.com\/wp-content\/uploads\/2023\/04\/gkm002.jpg\" data-rel=\"prettyPhoto[ts-gallery-1922896365]\" ><img loading=\"lazy\" decoding=\"async\" width=\"150\" height=\"150\" src=\"https:\/\/sabitmobilya.com\/wp-content\/uploads\/2023\/04\/gkm002-150x150.jpg\" class=\"attachment-thumbnail size-thumbnail\" alt=\"\" srcset=\"https:\/\/sabitmobilya.com\/wp-content\/uploads\/2023\/04\/gkm002-150x150.jpg 150w, https:\/\/sabitmobilya.com\/wp-content\/uploads\/2023\/04\/gkm002-400x400.jpg 400w, https:\/\/sabitmobilya.com\/wp-content\/uploads\/2023\/04\/gkm002-100x100.jpg 100w, https:\/\/sabitmobilya.com\/wp-content\/uploads\/2023\/04\/gkm002-40x40.jpg 40w\" sizes=\"auto, (max-width: 150px) 100vw, 150px\" \/><\/a>\t\t\t\t<\/div>\n\t\t\t\t\t\t\t\t<div class=\"item \">\n\t\t\t\t\t<a class=\"prettyphoto\" href=\"https:\/\/sabitmobilya.com\/wp-content\/uploads\/2023\/04\/gkm003.jpg\" data-rel=\"prettyPhoto[ts-gallery-1922896365]\" ><img loading=\"lazy\" decoding=\"async\" width=\"150\" height=\"150\" src=\"https:\/\/sabitmobilya.com\/wp-content\/uploads\/2023\/04\/gkm003-150x150.jpg\" class=\"attachment-thumbnail size-thumbnail\" alt=\"\" srcset=\"https:\/\/sabitmobilya.com\/wp-content\/uploads\/2023\/04\/gkm003-150x150.jpg 150w, https:\/\/sabitmobilya.com\/wp-content\/uploads\/2023\/04\/gkm003-400x400.jpg 400w, https:\/\/sabitmobilya.com\/wp-content\/uploads\/2023\/04\/gkm003-100x100.jpg 100w, https:\/\/sabitmobilya.com\/wp-content\/uploads\/2023\/04\/gkm003-40x40.jpg 40w\" sizes=\"auto, (max-width: 150px) 100vw, 150px\" \/><\/a>\t\t\t\t<\/div>\n\t\t\t\t\t\t\t\t<div class=\"item last\">\n\t\t\t\t\t<a class=\"prettyphoto\" href=\"https:\/\/sabitmobilya.com\/wp-content\/uploads\/2023\/04\/gkm004.jpg\" data-rel=\"prettyPhoto[ts-gallery-1922896365]\" ><img loading=\"lazy\" decoding=\"async\" width=\"150\" height=\"150\" src=\"https:\/\/sabitmobilya.com\/wp-content\/uploads\/2023\/04\/gkm004-150x150.jpg\" class=\"attachment-thumbnail size-thumbnail\" alt=\"\" srcset=\"https:\/\/sabitmobilya.com\/wp-content\/uploads\/2023\/04\/gkm004-150x150.jpg 150w, https:\/\/sabitmobilya.com\/wp-content\/uploads\/2023\/04\/gkm004-400x400.jpg 400w, https:\/\/sabitmobilya.com\/wp-content\/uploads\/2023\/04\/gkm004-100x100.jpg 100w, https:\/\/sabitmobilya.com\/wp-content\/uploads\/2023\/04\/gkm004-40x40.jpg 40w\" sizes=\"auto, (max-width: 150px) 100vw, 150px\" \/><\/a>\t\t\t\t<\/div>\n\t\t\t\t\t\t\t\t<div class=\"item first\">\n\t\t\t\t\t<a class=\"prettyphoto\" href=\"https:\/\/sabitmobilya.com\/wp-content\/uploads\/2023\/04\/gkm005.jpg\" data-rel=\"prettyPhoto[ts-gallery-1922896365]\" ><img loading=\"lazy\" decoding=\"async\" width=\"150\" height=\"150\" src=\"https:\/\/sabitmobilya.com\/wp-content\/uploads\/2023\/04\/gkm005-150x150.jpg\" class=\"attachment-thumbnail size-thumbnail\" alt=\"\" srcset=\"https:\/\/sabitmobilya.com\/wp-content\/uploads\/2023\/04\/gkm005-150x150.jpg 150w, https:\/\/sabitmobilya.com\/wp-content\/uploads\/2023\/04\/gkm005-400x400.jpg 400w, https:\/\/sabitmobilya.com\/wp-content\/uploads\/2023\/04\/gkm005-100x100.jpg 100w, https:\/\/sabitmobilya.com\/wp-content\/uploads\/2023\/04\/gkm005-40x40.jpg 40w\" sizes=\"auto, (max-width: 150px) 100vw, 150px\" \/><\/a>\t\t\t\t<\/div>\n\t\t\t\t\t\t\t\t<div class=\"item \">\n\t\t\t\t\t<a class=\"prettyphoto\" href=\"https:\/\/sabitmobilya.com\/wp-content\/uploads\/2023\/04\/gkm006.jpg\" data-rel=\"prettyPhoto[ts-gallery-1922896365]\" ><img loading=\"lazy\" decoding=\"async\" width=\"150\" height=\"150\" src=\"https:\/\/sabitmobilya.com\/wp-content\/uploads\/2023\/04\/gkm006-150x150.jpg\" class=\"attachment-thumbnail size-thumbnail\" alt=\"\" srcset=\"https:\/\/sabitmobilya.com\/wp-content\/uploads\/2023\/04\/gkm006-150x150.jpg 150w, https:\/\/sabitmobilya.com\/wp-content\/uploads\/2023\/04\/gkm006-400x400.jpg 400w, https:\/\/sabitmobilya.com\/wp-content\/uploads\/2023\/04\/gkm006-100x100.jpg 100w, https:\/\/sabitmobilya.com\/wp-content\/uploads\/2023\/04\/gkm006-40x40.jpg 40w\" sizes=\"auto, (max-width: 150px) 100vw, 150px\" \/><\/a>\t\t\t\t<\/div>\n\t\t\t\t\t\t\t\t<div class=\"item \">\n\t\t\t\t\t<a class=\"prettyphoto\" href=\"https:\/\/sabitmobilya.com\/wp-content\/uploads\/2023\/04\/gkm007.jpg\" data-rel=\"prettyPhoto[ts-gallery-1922896365]\" ><img loading=\"lazy\" decoding=\"async\" width=\"150\" height=\"150\" src=\"https:\/\/sabitmobilya.com\/wp-content\/uploads\/2023\/04\/gkm007-150x150.jpg\" class=\"attachment-thumbnail size-thumbnail\" alt=\"\" srcset=\"https:\/\/sabitmobilya.com\/wp-content\/uploads\/2023\/04\/gkm007-150x150.jpg 150w, https:\/\/sabitmobilya.com\/wp-content\/uploads\/2023\/04\/gkm007-400x400.jpg 400w, https:\/\/sabitmobilya.com\/wp-content\/uploads\/2023\/04\/gkm007-100x100.jpg 100w, https:\/\/sabitmobilya.com\/wp-content\/uploads\/2023\/04\/gkm007-40x40.jpg 40w\" sizes=\"auto, (max-width: 150px) 100vw, 150px\" \/><\/a>\t\t\t\t<\/div>\n\t\t\t\t\t\t\t\t<div class=\"item \">\n\t\t\t\t\t<a class=\"prettyphoto\" href=\"https:\/\/sabitmobilya.com\/wp-content\/uploads\/2023\/04\/gkm008.jpg\" data-rel=\"prettyPhoto[ts-gallery-1922896365]\" ><img loading=\"lazy\" decoding=\"async\" width=\"150\" height=\"150\" src=\"https:\/\/sabitmobilya.com\/wp-content\/uploads\/2023\/04\/gkm008-150x150.jpg\" class=\"attachment-thumbnail size-thumbnail\" alt=\"\" srcset=\"https:\/\/sabitmobilya.com\/wp-content\/uploads\/2023\/04\/gkm008-150x150.jpg 150w, https:\/\/sabitmobilya.com\/wp-content\/uploads\/2023\/04\/gkm008-400x400.jpg 400w, https:\/\/sabitmobilya.com\/wp-content\/uploads\/2023\/04\/gkm008-100x100.jpg 100w, https:\/\/sabitmobilya.com\/wp-content\/uploads\/2023\/04\/gkm008-40x40.jpg 40w\" sizes=\"auto, (max-width: 150px) 100vw, 150px\" \/><\/a>\t\t\t\t<\/div>\n\t\t\t\t\t\t\t\t<div class=\"item last\">\n\t\t\t\t\t<a class=\"prettyphoto\" href=\"https:\/\/sabitmobilya.com\/wp-content\/uploads\/2023\/04\/gkm009.jpg\" data-rel=\"prettyPhoto[ts-gallery-1922896365]\" ><img loading=\"lazy\" decoding=\"async\" width=\"150\" height=\"150\" src=\"https:\/\/sabitmobilya.com\/wp-content\/uploads\/2023\/04\/gkm009-150x150.jpg\" class=\"attachment-thumbnail size-thumbnail\" alt=\"\" srcset=\"https:\/\/sabitmobilya.com\/wp-content\/uploads\/2023\/04\/gkm009-150x150.jpg 150w, https:\/\/sabitmobilya.com\/wp-content\/uploads\/2023\/04\/gkm009-400x400.jpg 400w, https:\/\/sabitmobilya.com\/wp-content\/uploads\/2023\/04\/gkm009-100x100.jpg 100w, https:\/\/sabitmobilya.com\/wp-content\/uploads\/2023\/04\/gkm009-40x40.jpg 40w\" sizes=\"auto, (max-width: 150px) 100vw, 150px\" \/><\/a>\t\t\t\t<\/div>\n\t\t\t\t\t\t\t\t<div class=\"item first last\">\n\t\t\t\t\t<a class=\"prettyphoto\" href=\"https:\/\/sabitmobilya.com\/wp-content\/uploads\/2023\/04\/gkm010.jpg\" data-rel=\"prettyPhoto[ts-gallery-1922896365]\" ><img loading=\"lazy\" decoding=\"async\" width=\"150\" height=\"150\" src=\"https:\/\/sabitmobilya.com\/wp-content\/uploads\/2023\/04\/gkm010-150x150.jpg\" class=\"attachment-thumbnail size-thumbnail\" alt=\"\" srcset=\"https:\/\/sabitmobilya.com\/wp-content\/uploads\/2023\/04\/gkm010-150x150.jpg 150w, https:\/\/sabitmobilya.com\/wp-content\/uploads\/2023\/04\/gkm010-400x400.jpg 400w, https:\/\/sabitmobilya.com\/wp-content\/uploads\/2023\/04\/gkm010-100x100.jpg 100w, https:\/\/sabitmobilya.com\/wp-content\/uploads\/2023\/04\/gkm010-40x40.jpg 40w\" sizes=\"auto, (max-width: 150px) 100vw, 150px\" \/><\/a>\t\t\t\t<\/div>\n\t\t\t\t\t\t\t<\/div>\n\t\t<\/div>\n\t\t[vc_empty_space height=&#8221;60px&#8221;][\/vc_column][\/vc_row][vc_row][vc_column][vc_column_text]<\/p>\n[\/vc_column_text][\/vc_column][\/vc_row]<\/p><\/section>","protected":false},"excerpt":{"rendered":"<p>[vc_row][vc_column][vc_column_text][\/vc_column_text][\/vc_column][\/vc_row]<\/p>\n","protected":false},"author":1,"featured_media":0,"parent":0,"menu_order":0,"comment_status":"closed","ping_status":"closed","template":"","meta":{"footnotes":""},"class_list":["post-12286","page","type-page","status-publish","hentry"],"_links":{"self":[{"href":"https:\/\/sabitmobilya.com\/index.php\/wp-json\/wp\/v2\/pages\/12286","targetHints":{"allow":["GET"]}}],"collection":[{"href":"https:\/\/sabitmobilya.com\/index.php\/wp-json\/wp\/v2\/pages"}],"about":[{"href":"https:\/\/sabitmobilya.com\/index.php\/wp-json\/wp\/v2\/types\/page"}],"author":[{"embeddable":true,"href":"https:\/\/sabitmobilya.com\/index.php\/wp-json\/wp\/v2\/users\/1"}],"replies":[{"embeddable":true,"href":"https:\/\/sabitmobilya.com\/index.php\/wp-json\/wp\/v2\/comments?post=12286"}],"version-history":[{"count":12,"href":"https:\/\/sabitmobilya.com\/index.php\/wp-json\/wp\/v2\/pages\/12286\/revisions"}],"predecessor-version":[{"id":12895,"href":"https:\/\/sabitmobilya.com\/index.php\/wp-json\/wp\/v2\/pages\/12286\/revisions\/12895"}],"wp:attachment":[{"href":"https:\/\/sabitmobilya.com\/index.php\/wp-json\/wp\/v2\/media?parent=12286"}],"curies":[{"name":"wp","href":"https:\/\/api.w.org\/{rel}","templated":true}]}}