{"id":12644,"date":"2022-10-25T16:54:19","date_gmt":"2022-10-25T13:54:19","guid":{"rendered":"https:\/\/sabitmobilya.com\/sabit\/?page_id=12644"},"modified":"2022-10-28T12:12:31","modified_gmt":"2022-10-28T09:12:31","slug":"pinarbasi-sabit-teknik","status":"publish","type":"page","link":"https:\/\/sabitmobilya.com\/index.php\/pinarbasi-sabit-teknik\/","title":{"rendered":"Sabit Teknik P\u0131narba\u015f\u0131"},"content":{"rendered":"<section class=\"wpb-content-wrapper\"><p>[vc_row][vc_column]\t\t<div class=\"ts-image-gallery-wrapper ts-shortcode   has-margin columns-5\" >\n\t\t\t\t\t\t<header class=\"shortcode-heading-wrapper\">\n\t\t\t\t<h3 class=\"heading-title\">Showroom<\/h3>\n\t\t\t<\/header>\n\t\t\t\t\t\t<div class=\"images \">\n\t\t\t\t\t\t\t\t<div class=\"item first\">\n\t\t\t\t\t<a class=\"prettyphoto\" href=\"https:\/\/sabitmobilya.com\/wp-content\/uploads\/2022\/10\/IMG_0119.jpg\" data-rel=\"prettyPhoto[ts-gallery-715521481]\" ><img loading=\"lazy\" decoding=\"async\" width=\"150\" height=\"150\" src=\"https:\/\/sabitmobilya.com\/wp-content\/uploads\/2022\/10\/IMG_0119-150x150.jpg\" class=\"attachment-thumbnail size-thumbnail\" alt=\"\" srcset=\"https:\/\/sabitmobilya.com\/wp-content\/uploads\/2022\/10\/IMG_0119-150x150.jpg 150w, https:\/\/sabitmobilya.com\/wp-content\/uploads\/2022\/10\/IMG_0119-400x400.jpg 400w, https:\/\/sabitmobilya.com\/wp-content\/uploads\/2022\/10\/IMG_0119-100x100.jpg 100w, https:\/\/sabitmobilya.com\/wp-content\/uploads\/2022\/10\/IMG_0119-30x30.jpg 30w, https:\/\/sabitmobilya.com\/wp-content\/uploads\/2022\/10\/IMG_0119-40x40.jpg 40w\" sizes=\"auto, (max-width: 150px) 100vw, 150px\" \/><\/a>\t\t\t\t<\/div>\n\t\t\t\t\t\t\t\t<div class=\"item \">\n\t\t\t\t\t<a class=\"prettyphoto\" href=\"https:\/\/sabitmobilya.com\/wp-content\/uploads\/2022\/10\/IMG_0121.jpg\" data-rel=\"prettyPhoto[ts-gallery-715521481]\" ><img loading=\"lazy\" decoding=\"async\" width=\"150\" height=\"150\" src=\"https:\/\/sabitmobilya.com\/wp-content\/uploads\/2022\/10\/IMG_0121-150x150.jpg\" class=\"attachment-thumbnail size-thumbnail\" alt=\"\" srcset=\"https:\/\/sabitmobilya.com\/wp-content\/uploads\/2022\/10\/IMG_0121-150x150.jpg 150w, https:\/\/sabitmobilya.com\/wp-content\/uploads\/2022\/10\/IMG_0121-400x400.jpg 400w, https:\/\/sabitmobilya.com\/wp-content\/uploads\/2022\/10\/IMG_0121-100x100.jpg 100w, https:\/\/sabitmobilya.com\/wp-content\/uploads\/2022\/10\/IMG_0121-30x30.jpg 30w, https:\/\/sabitmobilya.com\/wp-content\/uploads\/2022\/10\/IMG_0121-40x40.jpg 40w\" sizes=\"auto, (max-width: 150px) 100vw, 150px\" \/><\/a>\t\t\t\t<\/div>\n\t\t\t\t\t\t\t\t<div class=\"item \">\n\t\t\t\t\t<a class=\"prettyphoto\" href=\"https:\/\/sabitmobilya.com\/wp-content\/uploads\/2022\/10\/IMG_0123.jpg\" data-rel=\"prettyPhoto[ts-gallery-715521481]\" ><img loading=\"lazy\" decoding=\"async\" width=\"150\" height=\"150\" src=\"https:\/\/sabitmobilya.com\/wp-content\/uploads\/2022\/10\/IMG_0123-150x150.jpg\" class=\"attachment-thumbnail size-thumbnail\" alt=\"\" srcset=\"https:\/\/sabitmobilya.com\/wp-content\/uploads\/2022\/10\/IMG_0123-150x150.jpg 150w, https:\/\/sabitmobilya.com\/wp-content\/uploads\/2022\/10\/IMG_0123-400x400.jpg 400w, https:\/\/sabitmobilya.com\/wp-content\/uploads\/2022\/10\/IMG_0123-100x100.jpg 100w, https:\/\/sabitmobilya.com\/wp-content\/uploads\/2022\/10\/IMG_0123-30x30.jpg 30w, https:\/\/sabitmobilya.com\/wp-content\/uploads\/2022\/10\/IMG_0123-40x40.jpg 40w\" sizes=\"auto, (max-width: 150px) 100vw, 150px\" \/><\/a>\t\t\t\t<\/div>\n\t\t\t\t\t\t\t\t<div class=\"item \">\n\t\t\t\t\t<a class=\"prettyphoto\" href=\"https:\/\/sabitmobilya.com\/wp-content\/uploads\/2022\/10\/IMG_0124.jpg\" data-rel=\"prettyPhoto[ts-gallery-715521481]\" ><img loading=\"lazy\" decoding=\"async\" width=\"150\" height=\"150\" src=\"https:\/\/sabitmobilya.com\/wp-content\/uploads\/2022\/10\/IMG_0124-150x150.jpg\" class=\"attachment-thumbnail size-thumbnail\" alt=\"\" srcset=\"https:\/\/sabitmobilya.com\/wp-content\/uploads\/2022\/10\/IMG_0124-150x150.jpg 150w, https:\/\/sabitmobilya.com\/wp-content\/uploads\/2022\/10\/IMG_0124-400x400.jpg 400w, https:\/\/sabitmobilya.com\/wp-content\/uploads\/2022\/10\/IMG_0124-100x100.jpg 100w, https:\/\/sabitmobilya.com\/wp-content\/uploads\/2022\/10\/IMG_0124-30x30.jpg 30w, https:\/\/sabitmobilya.com\/wp-content\/uploads\/2022\/10\/IMG_0124-40x40.jpg 40w\" sizes=\"auto, (max-width: 150px) 100vw, 150px\" \/><\/a>\t\t\t\t<\/div>\n\t\t\t\t\t\t\t\t<div class=\"item last\">\n\t\t\t\t\t<a class=\"prettyphoto\" href=\"https:\/\/sabitmobilya.com\/wp-content\/uploads\/2022\/10\/IMG_0125.jpg\" data-rel=\"prettyPhoto[ts-gallery-715521481]\" ><img loading=\"lazy\" decoding=\"async\" width=\"150\" height=\"150\" src=\"https:\/\/sabitmobilya.com\/wp-content\/uploads\/2022\/10\/IMG_0125-150x150.jpg\" class=\"attachment-thumbnail size-thumbnail\" alt=\"\" srcset=\"https:\/\/sabitmobilya.com\/wp-content\/uploads\/2022\/10\/IMG_0125-150x150.jpg 150w, https:\/\/sabitmobilya.com\/wp-content\/uploads\/2022\/10\/IMG_0125-400x400.jpg 400w, https:\/\/sabitmobilya.com\/wp-content\/uploads\/2022\/10\/IMG_0125-100x100.jpg 100w, https:\/\/sabitmobilya.com\/wp-content\/uploads\/2022\/10\/IMG_0125-30x30.jpg 30w, https:\/\/sabitmobilya.com\/wp-content\/uploads\/2022\/10\/IMG_0125-40x40.jpg 40w\" sizes=\"auto, (max-width: 150px) 100vw, 150px\" \/><\/a>\t\t\t\t<\/div>\n\t\t\t\t\t\t\t\t<div class=\"item first\">\n\t\t\t\t\t<a class=\"prettyphoto\" href=\"https:\/\/sabitmobilya.com\/wp-content\/uploads\/2022\/10\/IMG_0126.jpg\" data-rel=\"prettyPhoto[ts-gallery-715521481]\" ><img loading=\"lazy\" decoding=\"async\" width=\"150\" height=\"150\" src=\"https:\/\/sabitmobilya.com\/wp-content\/uploads\/2022\/10\/IMG_0126-150x150.jpg\" class=\"attachment-thumbnail size-thumbnail\" alt=\"\" srcset=\"https:\/\/sabitmobilya.com\/wp-content\/uploads\/2022\/10\/IMG_0126-150x150.jpg 150w, https:\/\/sabitmobilya.com\/wp-content\/uploads\/2022\/10\/IMG_0126-400x400.jpg 400w, https:\/\/sabitmobilya.com\/wp-content\/uploads\/2022\/10\/IMG_0126-100x100.jpg 100w, https:\/\/sabitmobilya.com\/wp-content\/uploads\/2022\/10\/IMG_0126-30x30.jpg 30w, https:\/\/sabitmobilya.com\/wp-content\/uploads\/2022\/10\/IMG_0126-40x40.jpg 40w\" sizes=\"auto, (max-width: 150px) 100vw, 150px\" \/><\/a>\t\t\t\t<\/div>\n\t\t\t\t\t\t\t\t<div class=\"item \">\n\t\t\t\t\t<a class=\"prettyphoto\" href=\"https:\/\/sabitmobilya.com\/wp-content\/uploads\/2022\/10\/IMG_0127.jpg\" data-rel=\"prettyPhoto[ts-gallery-715521481]\" ><img loading=\"lazy\" decoding=\"async\" width=\"150\" height=\"150\" src=\"https:\/\/sabitmobilya.com\/wp-content\/uploads\/2022\/10\/IMG_0127-150x150.jpg\" class=\"attachment-thumbnail size-thumbnail\" alt=\"\" srcset=\"https:\/\/sabitmobilya.com\/wp-content\/uploads\/2022\/10\/IMG_0127-150x150.jpg 150w, https:\/\/sabitmobilya.com\/wp-content\/uploads\/2022\/10\/IMG_0127-400x400.jpg 400w, https:\/\/sabitmobilya.com\/wp-content\/uploads\/2022\/10\/IMG_0127-100x100.jpg 100w, https:\/\/sabitmobilya.com\/wp-content\/uploads\/2022\/10\/IMG_0127-30x30.jpg 30w, https:\/\/sabitmobilya.com\/wp-content\/uploads\/2022\/10\/IMG_0127-40x40.jpg 40w\" sizes=\"auto, (max-width: 150px) 100vw, 150px\" \/><\/a>\t\t\t\t<\/div>\n\t\t\t\t\t\t\t\t<div class=\"item \">\n\t\t\t\t\t<a class=\"prettyphoto\" href=\"https:\/\/sabitmobilya.com\/wp-content\/uploads\/2022\/10\/IMG_0128.jpg\" data-rel=\"prettyPhoto[ts-gallery-715521481]\" ><img loading=\"lazy\" decoding=\"async\" width=\"150\" height=\"150\" src=\"https:\/\/sabitmobilya.com\/wp-content\/uploads\/2022\/10\/IMG_0128-150x150.jpg\" class=\"attachment-thumbnail size-thumbnail\" alt=\"\" srcset=\"https:\/\/sabitmobilya.com\/wp-content\/uploads\/2022\/10\/IMG_0128-150x150.jpg 150w, https:\/\/sabitmobilya.com\/wp-content\/uploads\/2022\/10\/IMG_0128-400x400.jpg 400w, https:\/\/sabitmobilya.com\/wp-content\/uploads\/2022\/10\/IMG_0128-100x100.jpg 100w, https:\/\/sabitmobilya.com\/wp-content\/uploads\/2022\/10\/IMG_0128-30x30.jpg 30w, https:\/\/sabitmobilya.com\/wp-content\/uploads\/2022\/10\/IMG_0128-40x40.jpg 40w\" sizes=\"auto, (max-width: 150px) 100vw, 150px\" \/><\/a>\t\t\t\t<\/div>\n\t\t\t\t\t\t\t\t<div class=\"item \">\n\t\t\t\t\t<a class=\"prettyphoto\" href=\"https:\/\/sabitmobilya.com\/wp-content\/uploads\/2022\/10\/IMG_0129.jpg\" data-rel=\"prettyPhoto[ts-gallery-715521481]\" ><img loading=\"lazy\" decoding=\"async\" width=\"150\" height=\"150\" src=\"https:\/\/sabitmobilya.com\/wp-content\/uploads\/2022\/10\/IMG_0129-150x150.jpg\" class=\"attachment-thumbnail size-thumbnail\" alt=\"\" srcset=\"https:\/\/sabitmobilya.com\/wp-content\/uploads\/2022\/10\/IMG_0129-150x150.jpg 150w, https:\/\/sabitmobilya.com\/wp-content\/uploads\/2022\/10\/IMG_0129-400x400.jpg 400w, https:\/\/sabitmobilya.com\/wp-content\/uploads\/2022\/10\/IMG_0129-100x100.jpg 100w, https:\/\/sabitmobilya.com\/wp-content\/uploads\/2022\/10\/IMG_0129-30x30.jpg 30w, https:\/\/sabitmobilya.com\/wp-content\/uploads\/2022\/10\/IMG_0129-40x40.jpg 40w\" sizes=\"auto, (max-width: 150px) 100vw, 150px\" \/><\/a>\t\t\t\t<\/div>\n\t\t\t\t\t\t\t\t<div class=\"item last\">\n\t\t\t\t\t<a class=\"prettyphoto\" href=\"https:\/\/sabitmobilya.com\/wp-content\/uploads\/2022\/10\/IMG_0130.jpg\" data-rel=\"prettyPhoto[ts-gallery-715521481]\" ><img loading=\"lazy\" decoding=\"async\" width=\"150\" height=\"150\" src=\"https:\/\/sabitmobilya.com\/wp-content\/uploads\/2022\/10\/IMG_0130-150x150.jpg\" class=\"attachment-thumbnail size-thumbnail\" alt=\"\" srcset=\"https:\/\/sabitmobilya.com\/wp-content\/uploads\/2022\/10\/IMG_0130-150x150.jpg 150w, https:\/\/sabitmobilya.com\/wp-content\/uploads\/2022\/10\/IMG_0130-400x400.jpg 400w, https:\/\/sabitmobilya.com\/wp-content\/uploads\/2022\/10\/IMG_0130-100x100.jpg 100w, https:\/\/sabitmobilya.com\/wp-content\/uploads\/2022\/10\/IMG_0130-30x30.jpg 30w, https:\/\/sabitmobilya.com\/wp-content\/uploads\/2022\/10\/IMG_0130-40x40.jpg 40w\" sizes=\"auto, (max-width: 150px) 100vw, 150px\" \/><\/a>\t\t\t\t<\/div>\n\t\t\t\t\t\t\t\t<div class=\"item first\">\n\t\t\t\t\t<a class=\"prettyphoto\" href=\"https:\/\/sabitmobilya.com\/wp-content\/uploads\/2022\/10\/IMG_0644.jpg\" data-rel=\"prettyPhoto[ts-gallery-715521481]\" ><img loading=\"lazy\" decoding=\"async\" width=\"150\" height=\"150\" src=\"https:\/\/sabitmobilya.com\/wp-content\/uploads\/2022\/10\/IMG_0644-150x150.jpg\" class=\"attachment-thumbnail size-thumbnail\" alt=\"\" srcset=\"https:\/\/sabitmobilya.com\/wp-content\/uploads\/2022\/10\/IMG_0644-150x150.jpg 150w, https:\/\/sabitmobilya.com\/wp-content\/uploads\/2022\/10\/IMG_0644-400x400.jpg 400w, https:\/\/sabitmobilya.com\/wp-content\/uploads\/2022\/10\/IMG_0644-100x100.jpg 100w, https:\/\/sabitmobilya.com\/wp-content\/uploads\/2022\/10\/IMG_0644-30x30.jpg 30w, https:\/\/sabitmobilya.com\/wp-content\/uploads\/2022\/10\/IMG_0644-40x40.jpg 40w\" sizes=\"auto, (max-width: 150px) 100vw, 150px\" \/><\/a>\t\t\t\t<\/div>\n\t\t\t\t\t\t\t\t<div class=\"item \">\n\t\t\t\t\t<a class=\"prettyphoto\" href=\"https:\/\/sabitmobilya.com\/wp-content\/uploads\/2022\/10\/IMG_0645.jpg\" data-rel=\"prettyPhoto[ts-gallery-715521481]\" ><img loading=\"lazy\" decoding=\"async\" width=\"150\" height=\"150\" src=\"https:\/\/sabitmobilya.com\/wp-content\/uploads\/2022\/10\/IMG_0645-150x150.jpg\" class=\"attachment-thumbnail size-thumbnail\" alt=\"\" srcset=\"https:\/\/sabitmobilya.com\/wp-content\/uploads\/2022\/10\/IMG_0645-150x150.jpg 150w, https:\/\/sabitmobilya.com\/wp-content\/uploads\/2022\/10\/IMG_0645-400x400.jpg 400w, https:\/\/sabitmobilya.com\/wp-content\/uploads\/2022\/10\/IMG_0645-100x100.jpg 100w, https:\/\/sabitmobilya.com\/wp-content\/uploads\/2022\/10\/IMG_0645-30x30.jpg 30w, https:\/\/sabitmobilya.com\/wp-content\/uploads\/2022\/10\/IMG_0645-40x40.jpg 40w\" sizes=\"auto, (max-width: 150px) 100vw, 150px\" \/><\/a>\t\t\t\t<\/div>\n\t\t\t\t\t\t\t\t<div class=\"item \">\n\t\t\t\t\t<a class=\"prettyphoto\" href=\"https:\/\/sabitmobilya.com\/wp-content\/uploads\/2022\/10\/IMG_0685.jpg\" data-rel=\"prettyPhoto[ts-gallery-715521481]\" ><img loading=\"lazy\" decoding=\"async\" width=\"150\" height=\"150\" src=\"https:\/\/sabitmobilya.com\/wp-content\/uploads\/2022\/10\/IMG_0685-150x150.jpg\" class=\"attachment-thumbnail size-thumbnail\" alt=\"\" srcset=\"https:\/\/sabitmobilya.com\/wp-content\/uploads\/2022\/10\/IMG_0685-150x150.jpg 150w, https:\/\/sabitmobilya.com\/wp-content\/uploads\/2022\/10\/IMG_0685-400x400.jpg 400w, https:\/\/sabitmobilya.com\/wp-content\/uploads\/2022\/10\/IMG_0685-100x100.jpg 100w, https:\/\/sabitmobilya.com\/wp-content\/uploads\/2022\/10\/IMG_0685-30x30.jpg 30w, https:\/\/sabitmobilya.com\/wp-content\/uploads\/2022\/10\/IMG_0685-40x40.jpg 40w\" sizes=\"auto, (max-width: 150px) 100vw, 150px\" \/><\/a>\t\t\t\t<\/div>\n\t\t\t\t\t\t\t\t<div class=\"item \">\n\t\t\t\t\t<a class=\"prettyphoto\" href=\"https:\/\/sabitmobilya.com\/wp-content\/uploads\/2022\/10\/IMG_7968.jpg\" data-rel=\"prettyPhoto[ts-gallery-715521481]\" ><img loading=\"lazy\" decoding=\"async\" width=\"150\" height=\"150\" src=\"https:\/\/sabitmobilya.com\/wp-content\/uploads\/2022\/10\/IMG_7968-150x150.jpg\" class=\"attachment-thumbnail size-thumbnail\" alt=\"\" srcset=\"https:\/\/sabitmobilya.com\/wp-content\/uploads\/2022\/10\/IMG_7968-150x150.jpg 150w, https:\/\/sabitmobilya.com\/wp-content\/uploads\/2022\/10\/IMG_7968-400x400.jpg 400w, https:\/\/sabitmobilya.com\/wp-content\/uploads\/2022\/10\/IMG_7968-100x100.jpg 100w, https:\/\/sabitmobilya.com\/wp-content\/uploads\/2022\/10\/IMG_7968-30x30.jpg 30w, https:\/\/sabitmobilya.com\/wp-content\/uploads\/2022\/10\/IMG_7968-40x40.jpg 40w\" sizes=\"auto, (max-width: 150px) 100vw, 150px\" \/><\/a>\t\t\t\t<\/div>\n\t\t\t\t\t\t\t\t<div class=\"item last\">\n\t\t\t\t\t<a class=\"prettyphoto\" href=\"https:\/\/sabitmobilya.com\/wp-content\/uploads\/2022\/10\/IMG_7970.jpg\" data-rel=\"prettyPhoto[ts-gallery-715521481]\" ><img loading=\"lazy\" decoding=\"async\" width=\"150\" height=\"150\" src=\"https:\/\/sabitmobilya.com\/wp-content\/uploads\/2022\/10\/IMG_7970-150x150.jpg\" class=\"attachment-thumbnail size-thumbnail\" alt=\"\" srcset=\"https:\/\/sabitmobilya.com\/wp-content\/uploads\/2022\/10\/IMG_7970-150x150.jpg 150w, https:\/\/sabitmobilya.com\/wp-content\/uploads\/2022\/10\/IMG_7970-400x400.jpg 400w, https:\/\/sabitmobilya.com\/wp-content\/uploads\/2022\/10\/IMG_7970-100x100.jpg 100w, https:\/\/sabitmobilya.com\/wp-content\/uploads\/2022\/10\/IMG_7970-30x30.jpg 30w, https:\/\/sabitmobilya.com\/wp-content\/uploads\/2022\/10\/IMG_7970-40x40.jpg 40w\" sizes=\"auto, (max-width: 150px) 100vw, 150px\" \/><\/a>\t\t\t\t<\/div>\n\t\t\t\t\t\t\t<\/div>\n\t\t<\/div>\n\t\t[vc_empty_space height=&#8221;60px&#8221;][\/vc_column][\/vc_row]<\/p>\n\r\n\r\n<p>[vc_row][vc_column]\t\t<div class=\"ts-image-gallery-wrapper ts-shortcode   has-margin columns-5\" >\n\t\t\t\t\t\t<header class=\"shortcode-heading-wrapper\">\n\t\t\t\t<h3 class=\"heading-title\">Sabit Teknik Seda Hnm. Ofis<\/h3>\n\t\t\t<\/header>\n\t\t\t\t\t\t<div class=\"images \">\n\t\t\t\t\t\t\t\t<div class=\"item first\">\n\t\t\t\t\t<a class=\"prettyphoto\" href=\"https:\/\/sabitmobilya.com\/wp-content\/uploads\/2022\/10\/IMG_7349.jpg\" data-rel=\"prettyPhoto[ts-gallery-916976075]\" ><img loading=\"lazy\" decoding=\"async\" width=\"150\" height=\"150\" src=\"https:\/\/sabitmobilya.com\/wp-content\/uploads\/2022\/10\/IMG_7349-150x150.jpg\" class=\"attachment-thumbnail size-thumbnail\" alt=\"\" srcset=\"https:\/\/sabitmobilya.com\/wp-content\/uploads\/2022\/10\/IMG_7349-150x150.jpg 150w, https:\/\/sabitmobilya.com\/wp-content\/uploads\/2022\/10\/IMG_7349-400x400.jpg 400w, https:\/\/sabitmobilya.com\/wp-content\/uploads\/2022\/10\/IMG_7349-100x100.jpg 100w, https:\/\/sabitmobilya.com\/wp-content\/uploads\/2022\/10\/IMG_7349-30x30.jpg 30w, https:\/\/sabitmobilya.com\/wp-content\/uploads\/2022\/10\/IMG_7349-40x40.jpg 40w\" sizes=\"auto, (max-width: 150px) 100vw, 150px\" \/><\/a>\t\t\t\t<\/div>\n\t\t\t\t\t\t\t\t<div class=\"item \">\n\t\t\t\t\t<a class=\"prettyphoto\" href=\"https:\/\/sabitmobilya.com\/wp-content\/uploads\/2022\/10\/IMG_7350.jpg\" data-rel=\"prettyPhoto[ts-gallery-916976075]\" ><img loading=\"lazy\" decoding=\"async\" width=\"150\" height=\"150\" src=\"https:\/\/sabitmobilya.com\/wp-content\/uploads\/2022\/10\/IMG_7350-150x150.jpg\" class=\"attachment-thumbnail size-thumbnail\" alt=\"\" srcset=\"https:\/\/sabitmobilya.com\/wp-content\/uploads\/2022\/10\/IMG_7350-150x150.jpg 150w, https:\/\/sabitmobilya.com\/wp-content\/uploads\/2022\/10\/IMG_7350-400x400.jpg 400w, https:\/\/sabitmobilya.com\/wp-content\/uploads\/2022\/10\/IMG_7350-100x100.jpg 100w, https:\/\/sabitmobilya.com\/wp-content\/uploads\/2022\/10\/IMG_7350-30x30.jpg 30w, https:\/\/sabitmobilya.com\/wp-content\/uploads\/2022\/10\/IMG_7350-40x40.jpg 40w\" sizes=\"auto, (max-width: 150px) 100vw, 150px\" \/><\/a>\t\t\t\t<\/div>\n\t\t\t\t\t\t\t\t<div class=\"item \">\n\t\t\t\t\t<a class=\"prettyphoto\" href=\"https:\/\/sabitmobilya.com\/wp-content\/uploads\/2022\/10\/IMG_7351.jpg\" data-rel=\"prettyPhoto[ts-gallery-916976075]\" ><img loading=\"lazy\" decoding=\"async\" width=\"150\" height=\"150\" src=\"https:\/\/sabitmobilya.com\/wp-content\/uploads\/2022\/10\/IMG_7351-150x150.jpg\" class=\"attachment-thumbnail size-thumbnail\" alt=\"\" srcset=\"https:\/\/sabitmobilya.com\/wp-content\/uploads\/2022\/10\/IMG_7351-150x150.jpg 150w, https:\/\/sabitmobilya.com\/wp-content\/uploads\/2022\/10\/IMG_7351-400x400.jpg 400w, https:\/\/sabitmobilya.com\/wp-content\/uploads\/2022\/10\/IMG_7351-100x100.jpg 100w, https:\/\/sabitmobilya.com\/wp-content\/uploads\/2022\/10\/IMG_7351-30x30.jpg 30w, https:\/\/sabitmobilya.com\/wp-content\/uploads\/2022\/10\/IMG_7351-40x40.jpg 40w\" sizes=\"auto, (max-width: 150px) 100vw, 150px\" \/><\/a>\t\t\t\t<\/div>\n\t\t\t\t\t\t\t\t<div class=\"item \">\n\t\t\t\t\t<a class=\"prettyphoto\" href=\"https:\/\/sabitmobilya.com\/wp-content\/uploads\/2022\/10\/IMG_7352.jpg\" data-rel=\"prettyPhoto[ts-gallery-916976075]\" ><img loading=\"lazy\" decoding=\"async\" width=\"150\" height=\"150\" src=\"https:\/\/sabitmobilya.com\/wp-content\/uploads\/2022\/10\/IMG_7352-150x150.jpg\" class=\"attachment-thumbnail size-thumbnail\" alt=\"\" srcset=\"https:\/\/sabitmobilya.com\/wp-content\/uploads\/2022\/10\/IMG_7352-150x150.jpg 150w, https:\/\/sabitmobilya.com\/wp-content\/uploads\/2022\/10\/IMG_7352-400x400.jpg 400w, https:\/\/sabitmobilya.com\/wp-content\/uploads\/2022\/10\/IMG_7352-100x100.jpg 100w, https:\/\/sabitmobilya.com\/wp-content\/uploads\/2022\/10\/IMG_7352-30x30.jpg 30w, https:\/\/sabitmobilya.com\/wp-content\/uploads\/2022\/10\/IMG_7352-40x40.jpg 40w\" sizes=\"auto, (max-width: 150px) 100vw, 150px\" \/><\/a>\t\t\t\t<\/div>\n\t\t\t\t\t\t\t\t<div class=\"item last\">\n\t\t\t\t\t<a class=\"prettyphoto\" href=\"https:\/\/sabitmobilya.com\/wp-content\/uploads\/2022\/10\/IMG_7353.jpg\" data-rel=\"prettyPhoto[ts-gallery-916976075]\" ><img loading=\"lazy\" decoding=\"async\" width=\"150\" height=\"150\" src=\"https:\/\/sabitmobilya.com\/wp-content\/uploads\/2022\/10\/IMG_7353-150x150.jpg\" class=\"attachment-thumbnail size-thumbnail\" alt=\"\" srcset=\"https:\/\/sabitmobilya.com\/wp-content\/uploads\/2022\/10\/IMG_7353-150x150.jpg 150w, https:\/\/sabitmobilya.com\/wp-content\/uploads\/2022\/10\/IMG_7353-400x400.jpg 400w, https:\/\/sabitmobilya.com\/wp-content\/uploads\/2022\/10\/IMG_7353-100x100.jpg 100w, https:\/\/sabitmobilya.com\/wp-content\/uploads\/2022\/10\/IMG_7353-30x30.jpg 30w, https:\/\/sabitmobilya.com\/wp-content\/uploads\/2022\/10\/IMG_7353-40x40.jpg 40w\" sizes=\"auto, (max-width: 150px) 100vw, 150px\" \/><\/a>\t\t\t\t<\/div>\n\t\t\t\t\t\t\t<\/div>\n\t\t<\/div>\n\t\t[vc_empty_space height=&#8221;60px&#8221;][\/vc_column][\/vc_row]<\/p>\n\r\n\r\n<p>[vc_row][vc_column]\t\t<div class=\"ts-image-gallery-wrapper ts-shortcode   has-margin columns-5\" >\n\t\t\t\t\t\t<header class=\"shortcode-heading-wrapper\">\n\t\t\t\t<h3 class=\"heading-title\">Sabit Teknik Ya\u015far Bey Ofis<\/h3>\n\t\t\t<\/header>\n\t\t\t\t\t\t<div class=\"images \">\n\t\t\t\t\t\t\t\t<div class=\"item first\">\n\t\t\t\t\t<a class=\"prettyphoto\" href=\"https:\/\/sabitmobilya.com\/wp-content\/uploads\/2022\/10\/IMG_6173.jpg\" data-rel=\"prettyPhoto[ts-gallery-1753411016]\" ><img loading=\"lazy\" decoding=\"async\" width=\"150\" height=\"150\" src=\"https:\/\/sabitmobilya.com\/wp-content\/uploads\/2022\/10\/IMG_6173-150x150.jpg\" class=\"attachment-thumbnail size-thumbnail\" alt=\"\" srcset=\"https:\/\/sabitmobilya.com\/wp-content\/uploads\/2022\/10\/IMG_6173-150x150.jpg 150w, https:\/\/sabitmobilya.com\/wp-content\/uploads\/2022\/10\/IMG_6173-300x300.jpg 300w, https:\/\/sabitmobilya.com\/wp-content\/uploads\/2022\/10\/IMG_6173-768x768.jpg 768w, https:\/\/sabitmobilya.com\/wp-content\/uploads\/2022\/10\/IMG_6173-400x400.jpg 400w, https:\/\/sabitmobilya.com\/wp-content\/uploads\/2022\/10\/IMG_6173-100x100.jpg 100w, https:\/\/sabitmobilya.com\/wp-content\/uploads\/2022\/10\/IMG_6173-30x30.jpg 30w, https:\/\/sabitmobilya.com\/wp-content\/uploads\/2022\/10\/IMG_6173-900x900.jpg 900w, https:\/\/sabitmobilya.com\/wp-content\/uploads\/2022\/10\/IMG_6173-40x40.jpg 40w, https:\/\/sabitmobilya.com\/wp-content\/uploads\/2022\/10\/IMG_6173.jpg 904w\" sizes=\"auto, (max-width: 150px) 100vw, 150px\" \/><\/a>\t\t\t\t<\/div>\n\t\t\t\t\t\t\t\t<div class=\"item \">\n\t\t\t\t\t<a class=\"prettyphoto\" href=\"https:\/\/sabitmobilya.com\/wp-content\/uploads\/2022\/10\/IMG_6174.jpg\" data-rel=\"prettyPhoto[ts-gallery-1753411016]\" ><img loading=\"lazy\" decoding=\"async\" width=\"150\" height=\"150\" src=\"https:\/\/sabitmobilya.com\/wp-content\/uploads\/2022\/10\/IMG_6174-150x150.jpg\" class=\"attachment-thumbnail size-thumbnail\" alt=\"\" srcset=\"https:\/\/sabitmobilya.com\/wp-content\/uploads\/2022\/10\/IMG_6174-150x150.jpg 150w, https:\/\/sabitmobilya.com\/wp-content\/uploads\/2022\/10\/IMG_6174-300x300.jpg 300w, https:\/\/sabitmobilya.com\/wp-content\/uploads\/2022\/10\/IMG_6174-768x768.jpg 768w, https:\/\/sabitmobilya.com\/wp-content\/uploads\/2022\/10\/IMG_6174-400x400.jpg 400w, https:\/\/sabitmobilya.com\/wp-content\/uploads\/2022\/10\/IMG_6174-100x100.jpg 100w, https:\/\/sabitmobilya.com\/wp-content\/uploads\/2022\/10\/IMG_6174-30x30.jpg 30w, https:\/\/sabitmobilya.com\/wp-content\/uploads\/2022\/10\/IMG_6174-900x900.jpg 900w, https:\/\/sabitmobilya.com\/wp-content\/uploads\/2022\/10\/IMG_6174-40x40.jpg 40w, https:\/\/sabitmobilya.com\/wp-content\/uploads\/2022\/10\/IMG_6174.jpg 904w\" sizes=\"auto, (max-width: 150px) 100vw, 150px\" \/><\/a>\t\t\t\t<\/div>\n\t\t\t\t\t\t\t\t<div class=\"item \">\n\t\t\t\t\t<a class=\"prettyphoto\" href=\"https:\/\/sabitmobilya.com\/wp-content\/uploads\/2022\/10\/IMG_6175.jpg\" data-rel=\"prettyPhoto[ts-gallery-1753411016]\" ><img loading=\"lazy\" decoding=\"async\" width=\"150\" height=\"150\" src=\"https:\/\/sabitmobilya.com\/wp-content\/uploads\/2022\/10\/IMG_6175-150x150.jpg\" class=\"attachment-thumbnail size-thumbnail\" alt=\"\" srcset=\"https:\/\/sabitmobilya.com\/wp-content\/uploads\/2022\/10\/IMG_6175-150x150.jpg 150w, https:\/\/sabitmobilya.com\/wp-content\/uploads\/2022\/10\/IMG_6175-400x400.jpg 400w, https:\/\/sabitmobilya.com\/wp-content\/uploads\/2022\/10\/IMG_6175-100x100.jpg 100w, https:\/\/sabitmobilya.com\/wp-content\/uploads\/2022\/10\/IMG_6175-30x30.jpg 30w, https:\/\/sabitmobilya.com\/wp-content\/uploads\/2022\/10\/IMG_6175-40x40.jpg 40w\" sizes=\"auto, (max-width: 150px) 100vw, 150px\" \/><\/a>\t\t\t\t<\/div>\n\t\t\t\t\t\t\t\t<div class=\"item last\">\n\t\t\t\t\t<a class=\"prettyphoto\" href=\"https:\/\/sabitmobilya.com\/wp-content\/uploads\/2022\/10\/IMG_6176.jpg\" data-rel=\"prettyPhoto[ts-gallery-1753411016]\" ><img loading=\"lazy\" decoding=\"async\" width=\"150\" height=\"150\" src=\"https:\/\/sabitmobilya.com\/wp-content\/uploads\/2022\/10\/IMG_6176-150x150.jpg\" class=\"attachment-thumbnail size-thumbnail\" alt=\"\" srcset=\"https:\/\/sabitmobilya.com\/wp-content\/uploads\/2022\/10\/IMG_6176-150x150.jpg 150w, https:\/\/sabitmobilya.com\/wp-content\/uploads\/2022\/10\/IMG_6176-400x400.jpg 400w, https:\/\/sabitmobilya.com\/wp-content\/uploads\/2022\/10\/IMG_6176-100x100.jpg 100w, https:\/\/sabitmobilya.com\/wp-content\/uploads\/2022\/10\/IMG_6176-30x30.jpg 30w, https:\/\/sabitmobilya.com\/wp-content\/uploads\/2022\/10\/IMG_6176-40x40.jpg 40w\" sizes=\"auto, (max-width: 150px) 100vw, 150px\" \/><\/a>\t\t\t\t<\/div>\n\t\t\t\t\t\t\t<\/div>\n\t\t<\/div>\n\t\t[vc_empty_space height=&#8221;60px&#8221;][\/vc_column][\/vc_row]<\/p>\n<\/section>","protected":false},"excerpt":{"rendered":"[vc_row][vc_column] Showroom [vc_empty_space height=\"60px\"][\/vc_column][\/vc_row] [vc_row][vc_column] Sabit Teknik Seda Hnm. Ofis [vc_empty_space height=\"60px\"][\/vc_column][\/vc_row] [vc_row][vc_column] Sabit Teknik Ya\u015far Bey Ofis [vc_empty_space height=\"60px\"][\/vc_column][\/vc_row]","protected":false},"author":1,"featured_media":0,"parent":0,"menu_order":0,"comment_status":"closed","ping_status":"closed","template":"","meta":{"footnotes":""},"class_list":["post-12644","page","type-page","status-publish","hentry"],"_links":{"self":[{"href":"https:\/\/sabitmobilya.com\/index.php\/wp-json\/wp\/v2\/pages\/12644","targetHints":{"allow":["GET"]}}],"collection":[{"href":"https:\/\/sabitmobilya.com\/index.php\/wp-json\/wp\/v2\/pages"}],"about":[{"href":"https:\/\/sabitmobilya.com\/index.php\/wp-json\/wp\/v2\/types\/page"}],"author":[{"embeddable":true,"href":"https:\/\/sabitmobilya.com\/index.php\/wp-json\/wp\/v2\/users\/1"}],"replies":[{"embeddable":true,"href":"https:\/\/sabitmobilya.com\/index.php\/wp-json\/wp\/v2\/comments?post=12644"}],"version-history":[{"count":3,"href":"https:\/\/sabitmobilya.com\/index.php\/wp-json\/wp\/v2\/pages\/12644\/revisions"}],"predecessor-version":[{"id":12790,"href":"https:\/\/sabitmobilya.com\/index.php\/wp-json\/wp\/v2\/pages\/12644\/revisions\/12790"}],"wp:attachment":[{"href":"https:\/\/sabitmobilya.com\/index.php\/wp-json\/wp\/v2\/media?parent=12644"}],"curies":[{"name":"wp","href":"https:\/\/api.w.org\/{rel}","templated":true}]}}